{"id":327,"date":"2021-02-18T19:45:26","date_gmt":"2021-02-18T19:45:26","guid":{"rendered":"\/?post_type=product&#038;p=327"},"modified":"2022-05-05T18:52:46","modified_gmt":"2022-05-05T17:52:46","slug":"kugelvase-leihen-guenstig","status":"publish","type":"product","link":"https:\/\/alicedesign4you.de\/shop\/product\/kugelvase-leihen-guenstig\/","title":{"rendered":"Kugelvase Glas Tischdekoration H:15cm"},"content":{"rendered":"<h2>Kugelvase leihen g\u00fcnstig<\/h2>\n<p>Kugelvase leihen g\u00fcnstig<\/p>\n<p>H\u00f6he: 14 cm<br \/>\nBreite: 15 cm<\/p>\n<p>&nbsp;<\/p>\n<ul>\n<li>Artikel muss im \u00fcbergebenen Zustand zur\u00fcck gegeben werden. Bei Besch\u00e4digung oder Verlust, ist ein Preis von 6 Euro zu erstatten.<\/li>\n<li>Blumenschmuck und weitere abgebildeten Dekoartikel sind nicht im Mietpreis enthalten.<\/li>\n<li>Die Mietdauer betr\u00e4gt 4 Tage.<\/li>\n<\/ul>\n<p><span data-sheets-formula-bar-text-style=\"font-size:13px;color:#000000;font-weight:normal;text-decoration:none;font-family:'Arial';font-style:normal;text-decoration-skip-ink:none;\"><h2>R\u00fcckgabebedingungen<\/h2>\r\n<ul>\r\n \t<li>Der Artikel ist in dem Zustand wie zur Waren\u00fcbergabe nach der Mietdauer zur\u00fcck zu geben.<\/li>\r\n \t<li>Bitte \u00fcberpr\u00fcfen Sie unsere Ware umgehend. Alle Reklamationen, die sp\u00e4ter als 24 Stunden nach Erhalt\u00a0eintreffen, werden nicht akzeptiert.<\/li>\r\n \t<li>Bei Brandl\u00f6cher, Risse, Kerzenwachs und anderen Besch\u00e4digungen behalten wir uns das Recht vor dieses in Rechnung zu stellen bzw. den Widerbeschaffungspreis zu berechnen.<\/li>\r\n<\/ul>\r\n<h2>Versandinformationen<\/h2>\r\n<ul>\r\n \t<li>Abholung in M\u00fchldorf am Inn 84453<\/li>\r\n \t<li>Lieferung nach Absprache m\u00f6glich (Anfrage per WhatsApp 015120649803)<\/li>\r\n<\/ul><\/span><\/p>\n<p>&nbsp;<\/p>\n<h4>Die perfekten Blumen f\u00fcr die perfekte Vase!<\/h4>\n<p>Die Sch\u00f6nheit der will jeder mit nachhause nehmen und bestaunen. Doch daf\u00fcr braucht man auch die richtige Vase!<br \/>\nAuch in Hochzeiten sorgen Blumen f\u00fcr eine stilvolle Erg\u00e4nzung der Tischdeko. Am besten ist eine durchsichtige Glasvase, die f\u00fcr Glanz und Eleganz sorgen.<br \/>\nAber ein weiterer guter Punkt ist die Form der Vase. Weil diese extra viel Platz f\u00fcr die Blumen h\u00e4lt, gibt es zahlreiche Variationen und M\u00f6glichkeiten die Pracht anzuordnen. Unterschiedliche Vasen k\u00f6nne Sie in unserem Online-Shop bequem von Zuhause aus mieten.<\/p>\n<p><a href=\"https:\/\/www.instagram.com\/p\/BSstuFWgpI_\/\">Hochzeit Deko M\u00fcnchen &amp; Bayern (@hochzeitsdeko_bayern) \u2022 Instagram-Fotos und -Videos<\/a><\/p>\n","protected":false},"excerpt":{"rendered":"<p>Hohe: 14 cm<br \/>\nBreite: 15 cm<\/p>\n<p>Artikel muss im \u00fcbergebenen Zustand zur\u00fcck gegeben werden. Bei Besch\u00e4digung oder Verlust, ist ein Preis von 6 Euro zu erstatten.<\/p>\n<p>Blumenschmuck und weitere abgebildeten Dekoartikel sind nicht im Mietpreis enthalten.<\/p>\n<p>Die Mietdauer betr\u00e4gt 4 Tage.<\/p>\n","protected":false},"featured_media":253,"template":"","meta":{"inline_featured_image":false},"product_brand":[],"product_cat":[28],"product_tag":[],"class_list":{"0":"post-327","1":"product","2":"type-product","3":"status-publish","4":"has-post-thumbnail","6":"product_cat-glas-und-vasen","8":"first","9":"instock","10":"shipping-taxable","11":"purchasable","12":"product-type-simple"},"yoast_head":"<!-- This site is optimized with the Yoast SEO plugin v25.3.1 - https:\/\/yoast.com\/wordpress\/plugins\/seo\/ -->\n<title>Kugelvase leihen g\u00fcnstig. Bequem mieten Hochzeitsdeko M\u00fcnchen<\/title>\n<meta name=\"description\" content=\"Kugelvase leihen g\u00fcnstig. Glass Vase. Vintage Hochzeit. Hochzeitsdeko Raum M\u00fcnchen, Dekoverleih g\u00fcnstig. Glasvase\" \/>\n<meta name=\"robots\" content=\"index, follow, max-snippet:-1, max-image-preview:large, max-video-preview:-1\" \/>\n<link rel=\"canonical\" href=\"https:\/\/alicedesign4you.de\/shop\/product\/kugelvase-leihen-guenstig\/\" \/>\n<meta property=\"og:locale\" content=\"de_DE\" \/>\n<meta property=\"og:type\" content=\"article\" \/>\n<meta property=\"og:title\" content=\"Kugelvase leihen g\u00fcnstig. Bequem mieten Hochzeitsdeko M\u00fcnchen\" \/>\n<meta property=\"og:description\" content=\"Kugelvase leihen g\u00fcnstig. Glass Vase. Vintage Hochzeit. Hochzeitsdeko Raum M\u00fcnchen, Dekoverleih g\u00fcnstig. Glasvase\" \/>\n<meta property=\"og:url\" content=\"https:\/\/alicedesign4you.de\/shop\/product\/kugelvase-leihen-guenstig\/\" \/>\n<meta property=\"og:site_name\" content=\"Hochzeitsdeko M\u00fcnchen &amp; Floristik | Alice Design\" \/>\n<meta property=\"article:modified_time\" content=\"2022-05-05T17:52:46+00:00\" \/>\n<meta property=\"og:image\" content=\"https:\/\/alicedesign4you.de\/shop\/wp-content\/uploads\/2021\/02\/kugel-vase.jpg\" \/>\n\t<meta property=\"og:image:width\" content=\"340\" \/>\n\t<meta property=\"og:image:height\" content=\"453\" \/>\n\t<meta property=\"og:image:type\" content=\"image\/jpeg\" \/>\n<meta name=\"twitter:card\" content=\"summary_large_image\" \/>\n<meta name=\"twitter:label1\" content=\"Gesch\u00e4tzte Lesezeit\" \/>\n\t<meta name=\"twitter:data1\" content=\"1\u00a0Minute\" \/>\n<script type=\"application\/ld+json\" class=\"yoast-schema-graph\">{\"@context\":\"https:\/\/schema.org\",\"@graph\":[{\"@type\":\"WebPage\",\"@id\":\"https:\/\/alicedesign4you.de\/shop\/product\/kugelvase-leihen-guenstig\/\",\"url\":\"https:\/\/alicedesign4you.de\/shop\/product\/kugelvase-leihen-guenstig\/\",\"name\":\"Kugelvase leihen g\u00fcnstig. Bequem mieten Hochzeitsdeko M\u00fcnchen\",\"isPartOf\":{\"@id\":\"https:\/\/alicedesign4you.de\/shop\/#website\"},\"primaryImageOfPage\":{\"@id\":\"https:\/\/alicedesign4you.de\/shop\/product\/kugelvase-leihen-guenstig\/#primaryimage\"},\"image\":{\"@id\":\"https:\/\/alicedesign4you.de\/shop\/product\/kugelvase-leihen-guenstig\/#primaryimage\"},\"thumbnailUrl\":\"https:\/\/alicedesign4you.de\/shop\/wp-content\/uploads\/2021\/02\/kugel-vase.jpg\",\"datePublished\":\"2021-02-18T19:45:26+00:00\",\"dateModified\":\"2022-05-05T17:52:46+00:00\",\"description\":\"Kugelvase leihen g\u00fcnstig. Glass Vase. Vintage Hochzeit. Hochzeitsdeko Raum M\u00fcnchen, Dekoverleih g\u00fcnstig. Glasvase\",\"breadcrumb\":{\"@id\":\"https:\/\/alicedesign4you.de\/shop\/product\/kugelvase-leihen-guenstig\/#breadcrumb\"},\"inLanguage\":\"de\",\"potentialAction\":[{\"@type\":\"ReadAction\",\"target\":[\"https:\/\/alicedesign4you.de\/shop\/product\/kugelvase-leihen-guenstig\/\"]}]},{\"@type\":\"ImageObject\",\"inLanguage\":\"de\",\"@id\":\"https:\/\/alicedesign4you.de\/shop\/product\/kugelvase-leihen-guenstig\/#primaryimage\",\"url\":\"https:\/\/alicedesign4you.de\/shop\/wp-content\/uploads\/2021\/02\/kugel-vase.jpg\",\"contentUrl\":\"https:\/\/alicedesign4you.de\/shop\/wp-content\/uploads\/2021\/02\/kugel-vase.jpg\",\"width\":340,\"height\":453,\"caption\":\"Kugelvase leihen g\u00fcnstig\"},{\"@type\":\"BreadcrumbList\",\"@id\":\"https:\/\/alicedesign4you.de\/shop\/product\/kugelvase-leihen-guenstig\/#breadcrumb\",\"itemListElement\":[{\"@type\":\"ListItem\",\"position\":1,\"name\":\"Startseite\",\"item\":\"https:\/\/alicedesign4you.de\/shop\/\"},{\"@type\":\"ListItem\",\"position\":2,\"name\":\"Shop\",\"item\":\"https:\/\/alicedesign4you.de\/shop\/shop\/\"},{\"@type\":\"ListItem\",\"position\":3,\"name\":\"Kugelvase Glas Tischdekoration H:15cm\"}]},{\"@type\":\"WebSite\",\"@id\":\"https:\/\/alicedesign4you.de\/shop\/#website\",\"url\":\"https:\/\/alicedesign4you.de\/shop\/\",\"name\":\"Hochzeitsdeko M\u00fcnchen &amp; Floristik | Alice Design\",\"description\":\"Individuelle Hochzeitsdeko und traumhafte Floristik f\u00fcr eure Hochzeit &amp; Events in M\u00fcnchen und Umgebung. Kompetente Beratung und Planung mit viel Liebe zum Detail!\",\"potentialAction\":[{\"@type\":\"SearchAction\",\"target\":{\"@type\":\"EntryPoint\",\"urlTemplate\":\"https:\/\/alicedesign4you.de\/shop\/?s={search_term_string}\"},\"query-input\":{\"@type\":\"PropertyValueSpecification\",\"valueRequired\":true,\"valueName\":\"search_term_string\"}}],\"inLanguage\":\"de\"}]}<\/script>\n<!-- \/ Yoast SEO plugin. -->","yoast_head_json":{"title":"Kugelvase leihen g\u00fcnstig. Bequem mieten Hochzeitsdeko M\u00fcnchen","description":"Kugelvase leihen g\u00fcnstig. Glass Vase. Vintage Hochzeit. Hochzeitsdeko Raum M\u00fcnchen, Dekoverleih g\u00fcnstig. Glasvase","robots":{"index":"index","follow":"follow","max-snippet":"max-snippet:-1","max-image-preview":"max-image-preview:large","max-video-preview":"max-video-preview:-1"},"canonical":"https:\/\/alicedesign4you.de\/shop\/product\/kugelvase-leihen-guenstig\/","og_locale":"de_DE","og_type":"article","og_title":"Kugelvase leihen g\u00fcnstig. Bequem mieten Hochzeitsdeko M\u00fcnchen","og_description":"Kugelvase leihen g\u00fcnstig. Glass Vase. Vintage Hochzeit. Hochzeitsdeko Raum M\u00fcnchen, Dekoverleih g\u00fcnstig. Glasvase","og_url":"https:\/\/alicedesign4you.de\/shop\/product\/kugelvase-leihen-guenstig\/","og_site_name":"Hochzeitsdeko M\u00fcnchen &amp; Floristik | Alice Design","article_modified_time":"2022-05-05T17:52:46+00:00","og_image":[{"width":340,"height":453,"url":"https:\/\/alicedesign4you.de\/shop\/wp-content\/uploads\/2021\/02\/kugel-vase.jpg","type":"image\/jpeg"}],"twitter_card":"summary_large_image","twitter_misc":{"Gesch\u00e4tzte Lesezeit":"1\u00a0Minute"},"schema":{"@context":"https:\/\/schema.org","@graph":[{"@type":"WebPage","@id":"https:\/\/alicedesign4you.de\/shop\/product\/kugelvase-leihen-guenstig\/","url":"https:\/\/alicedesign4you.de\/shop\/product\/kugelvase-leihen-guenstig\/","name":"Kugelvase leihen g\u00fcnstig. Bequem mieten Hochzeitsdeko M\u00fcnchen","isPartOf":{"@id":"https:\/\/alicedesign4you.de\/shop\/#website"},"primaryImageOfPage":{"@id":"https:\/\/alicedesign4you.de\/shop\/product\/kugelvase-leihen-guenstig\/#primaryimage"},"image":{"@id":"https:\/\/alicedesign4you.de\/shop\/product\/kugelvase-leihen-guenstig\/#primaryimage"},"thumbnailUrl":"https:\/\/alicedesign4you.de\/shop\/wp-content\/uploads\/2021\/02\/kugel-vase.jpg","datePublished":"2021-02-18T19:45:26+00:00","dateModified":"2022-05-05T17:52:46+00:00","description":"Kugelvase leihen g\u00fcnstig. Glass Vase. Vintage Hochzeit. Hochzeitsdeko Raum M\u00fcnchen, Dekoverleih g\u00fcnstig. Glasvase","breadcrumb":{"@id":"https:\/\/alicedesign4you.de\/shop\/product\/kugelvase-leihen-guenstig\/#breadcrumb"},"inLanguage":"de","potentialAction":[{"@type":"ReadAction","target":["https:\/\/alicedesign4you.de\/shop\/product\/kugelvase-leihen-guenstig\/"]}]},{"@type":"ImageObject","inLanguage":"de","@id":"https:\/\/alicedesign4you.de\/shop\/product\/kugelvase-leihen-guenstig\/#primaryimage","url":"https:\/\/alicedesign4you.de\/shop\/wp-content\/uploads\/2021\/02\/kugel-vase.jpg","contentUrl":"https:\/\/alicedesign4you.de\/shop\/wp-content\/uploads\/2021\/02\/kugel-vase.jpg","width":340,"height":453,"caption":"Kugelvase leihen g\u00fcnstig"},{"@type":"BreadcrumbList","@id":"https:\/\/alicedesign4you.de\/shop\/product\/kugelvase-leihen-guenstig\/#breadcrumb","itemListElement":[{"@type":"ListItem","position":1,"name":"Startseite","item":"https:\/\/alicedesign4you.de\/shop\/"},{"@type":"ListItem","position":2,"name":"Shop","item":"https:\/\/alicedesign4you.de\/shop\/shop\/"},{"@type":"ListItem","position":3,"name":"Kugelvase Glas Tischdekoration H:15cm"}]},{"@type":"WebSite","@id":"https:\/\/alicedesign4you.de\/shop\/#website","url":"https:\/\/alicedesign4you.de\/shop\/","name":"Hochzeitsdeko M\u00fcnchen &amp; Floristik | Alice Design","description":"Individuelle Hochzeitsdeko und traumhafte Floristik f\u00fcr eure Hochzeit &amp; Events in M\u00fcnchen und Umgebung. Kompetente Beratung und Planung mit viel Liebe zum Detail!","potentialAction":[{"@type":"SearchAction","target":{"@type":"EntryPoint","urlTemplate":"https:\/\/alicedesign4you.de\/shop\/?s={search_term_string}"},"query-input":{"@type":"PropertyValueSpecification","valueRequired":true,"valueName":"search_term_string"}}],"inLanguage":"de"}]}},"_links":{"self":[{"href":"https:\/\/alicedesign4you.de\/shop\/wp-json\/wp\/v2\/product\/327","targetHints":{"allow":["GET"]}}],"collection":[{"href":"https:\/\/alicedesign4you.de\/shop\/wp-json\/wp\/v2\/product"}],"about":[{"href":"https:\/\/alicedesign4you.de\/shop\/wp-json\/wp\/v2\/types\/product"}],"version-history":[{"count":1,"href":"https:\/\/alicedesign4you.de\/shop\/wp-json\/wp\/v2\/product\/327\/revisions"}],"predecessor-version":[{"id":1825,"href":"https:\/\/alicedesign4you.de\/shop\/wp-json\/wp\/v2\/product\/327\/revisions\/1825"}],"wp:featuredmedia":[{"embeddable":true,"href":"https:\/\/alicedesign4you.de\/shop\/wp-json\/wp\/v2\/media\/253"}],"wp:attachment":[{"href":"https:\/\/alicedesign4you.de\/shop\/wp-json\/wp\/v2\/media?parent=327"}],"wp:term":[{"taxonomy":"product_brand","embeddable":true,"href":"https:\/\/alicedesign4you.de\/shop\/wp-json\/wp\/v2\/product_brand?post=327"},{"taxonomy":"product_cat","embeddable":true,"href":"https:\/\/alicedesign4you.de\/shop\/wp-json\/wp\/v2\/product_cat?post=327"},{"taxonomy":"product_tag","embeddable":true,"href":"https:\/\/alicedesign4you.de\/shop\/wp-json\/wp\/v2\/product_tag?post=327"}],"curies":[{"name":"wp","href":"https:\/\/api.w.org\/{rel}","templated":true}]}}