{"id":23502,"date":"2024-06-06T23:05:38","date_gmt":"2024-06-06T22:05:38","guid":{"rendered":"https:\/\/alicedesign4you.de\/shop\/?post_type=product&#038;p=23502"},"modified":"2024-06-06T23:11:45","modified_gmt":"2024-06-06T22:11:45","slug":"stuhlschleifen-satin-schleifen-farbe-flieder-hell-lila","status":"publish","type":"product","link":"https:\/\/alicedesign4you.de\/shop\/product\/stuhlschleifen-satin-schleifen-farbe-flieder-hell-lila\/","title":{"rendered":"Stuhlschleifen Satin Schleifen (Farbe flieder hell lila)"},"content":{"rendered":"<h2>Stuhlschleifen Satin flieder hell lila<\/h2>\n<p>Stuhlschleifen Satin altrosa: Gr\u00f6\u00dfe 17 cm * 127 cm<br \/>\nPasst f\u00fcr jede Art von Stuhl, besonders geeignet f\u00fcr ein vintage Look.<\/p>\n<ul>\n<li>Artikel muss im \u00fcbergebenen Zustand zur\u00fcck gegeben werden (auch geb\u00fcgelt). Bei Besch\u00e4digung oder Verlust, ist ein Preis von 2Euro pro St\u00fcck zu erstatten. Reparaturarbeiten gesondert abgerechnet. B\u00fcgeln 0.5 Euro pro St\u00fcck<\/li>\n<li>Blumenschmuck und weitere abgebildeten Dekoartikel sind nicht im Mietpreis enthalten.<\/li>\n<li>Die Mietdauer betr\u00e4gt 4 Tage.<\/li>\n<\/ul>\n<p><span data-sheets-formula-bar-text-style=\"font-size:13px;color:#000000;font-weight:normal;text-decoration:none;font-family:'Arial';font-style:normal;text-decoration-skip-ink:none;\"><h2>R\u00fcckgabebedingungen<\/h2>\r\n<ul>\r\n \t<li>Der Artikel ist in dem Zustand wie zur Waren\u00fcbergabe nach der Mietdauer zur\u00fcck zu geben.<\/li>\r\n \t<li>Bitte \u00fcberpr\u00fcfen Sie unsere Ware umgehend. Alle Reklamationen, die sp\u00e4ter als 24 Stunden nach Erhalt\u00a0eintreffen, werden nicht akzeptiert.<\/li>\r\n \t<li>Bei Brandl\u00f6cher, Risse, Kerzenwachs und anderen Besch\u00e4digungen behalten wir uns das Recht vor dieses in Rechnung zu stellen bzw. den Widerbeschaffungspreis zu berechnen.<\/li>\r\n<\/ul>\r\n<h2>Versandinformationen<\/h2>\r\n<ul>\r\n \t<li>Abholung in M\u00fchldorf am Inn 84453<\/li>\r\n \t<li>Lieferung nach Absprache m\u00f6glich (Anfrage per WhatsApp 015120649803)<\/li>\r\n<\/ul><\/span><\/p>\n<p>Bequem online mieten in unserem Shop.<\/p>\n<p>\u00c4hnliche Artikeln: <a href=\"https:\/\/www.instagram.com\/p\/BW5FP13g6hr\/\">Hochzeit Deko M\u00fcnchen &amp; Bayern (@hochzeitsdeko_bayern) \u2022 Instagram-Fotos und -Videos<\/a><\/p>\n<p><a href=\"https:\/\/alicedesign4you.de\/shop\/product\/stuhlschleifen-satin-petrol\/\">Stuhlschleifen Satin petrol Farbe raum M\u00fcnchen und Umgebung mieten (alicedesign4you.de)<\/a><\/p>\n<p>&nbsp;<\/p>\n<p>Immer zeitlos und aktuell! Gestern, heute und morgen. F\u00fcr diejenige, die es klassisch m\u00f6gen, wird\u00a0 eine dezente elegante Dekoration empfohlen. \u2800<\/p>\n<p>Hauptkriterien: Leichtigkeit, Bescheidenheit, Erlesenheit, Raffinesse, Tadellosigkeit \u2800<\/p>\n<p>Farbmuster Die wei\u00dfe Farbe ist eine Norm der Klassik, aber heutzutage gibt es die M\u00f6glichkeit eine gro\u00dfe Auswahl an sanften Farbt\u00f6nen die man verwenden kann. Zum Beispiel: Beige, Perlenfarbe, Elfenbeinfarbe (ivory), eisige Farben mit Blaustich, Silber, Champagnerfarbe und Pastellfarben. \u2800<\/p>\n<p>Floristik Die am besten geeigneten Blumen sind Rosen, Orchideen, Lilien, Hortensien, ganz selten Feldblumen. \u2800<\/p>\n<p>Deko-Elemente Die wichtigsten dekorativen Elemente f\u00fcr eine klassische Hochzeit sind eine prachtvolle Floristik, verschiedene Stoffe und B\u00e4nder (Satin, Chiffon, Organza, Seide, Spitze).<\/p>\n<p>Au\u00dferdem verwendet man Perlen, Strasssteine, Spiegeln, Kristallleuchten, goldene oder silberne Elemente. Aber auch die Kerzen sind ein muss. \u2800<\/p>\n<p>&nbsp;<\/p>\n","protected":false},"excerpt":{"rendered":"<p>Gr\u00f6\u00dfe 17 cm * 127 cm<\/p>\n<p>Passt f\u00fcr jede Art von Stuhl<\/p>\n<p>&nbsp;<\/p>\n<p>Artikel muss im \u00fcbergebenen Zustand zur\u00fcck gegeben werden. Bei Besch\u00e4digung oder Verlust, ist ein Preis von 2 Euro pro St\u00fcck zu erstatten. Reparaturarbeiten gesondert abgerechnet.<\/p>\n<p>Blumenschmuck und weitere abgebildeten Dekoartikel sind nicht im Mietpreis enthalten.<\/p>\n<p>Die Mietdauer betr\u00e4gt 4 Tage.<\/p>\n","protected":false},"featured_media":23503,"template":"","meta":{"inline_featured_image":false},"product_brand":[],"product_cat":[159],"product_tag":[],"class_list":{"0":"post-23502","1":"product","2":"type-product","3":"status-publish","4":"has-post-thumbnail","6":"product_cat-schleifen","8":"first","9":"instock","10":"shipping-taxable","11":"purchasable","12":"product-type-simple"},"yoast_head":"<!-- This site is optimized with the Yoast SEO plugin v25.3.1 - https:\/\/yoast.com\/wordpress\/plugins\/seo\/ -->\n<title>Stuhlschleifen Satin altrosa vintage Look M\u00fcnchen mieten<\/title>\n<meta name=\"description\" content=\"Stuhlschleifen Satin altrosa - perfekte Deko f\u00fcr Ihre Hochzeit. Verleih Raum M\u00fcnchen. Lieferung m\u00f6glich. Hochzeitsdekoration Deko\" \/>\n<meta name=\"robots\" content=\"index, follow, max-snippet:-1, max-image-preview:large, max-video-preview:-1\" \/>\n<link rel=\"canonical\" href=\"https:\/\/alicedesign4you.de\/shop\/product\/stuhlschleifen-satin-schleifen-farbe-flieder-hell-lila\/\" \/>\n<meta property=\"og:locale\" content=\"de_DE\" \/>\n<meta property=\"og:type\" content=\"article\" \/>\n<meta property=\"og:title\" content=\"Stuhlschleifen Satin altrosa vintage Look M\u00fcnchen mieten\" \/>\n<meta property=\"og:description\" content=\"Stuhlschleifen Satin altrosa - perfekte Deko f\u00fcr Ihre Hochzeit. Verleih Raum M\u00fcnchen. Lieferung m\u00f6glich. Hochzeitsdekoration Deko\" \/>\n<meta property=\"og:url\" content=\"https:\/\/alicedesign4you.de\/shop\/product\/stuhlschleifen-satin-schleifen-farbe-flieder-hell-lila\/\" \/>\n<meta property=\"og:site_name\" content=\"Hochzeitsdeko M\u00fcnchen &amp; Floristik | Alice Design\" \/>\n<meta property=\"article:modified_time\" content=\"2024-06-06T22:11:45+00:00\" \/>\n<meta property=\"og:image\" content=\"https:\/\/alicedesign4you.de\/shop\/wp-content\/uploads\/2024\/06\/Stuhlschleifen-Satin-Schleifen-Farbe-flieder-hell-lila.png\" \/>\n\t<meta property=\"og:image:width\" content=\"300\" \/>\n\t<meta property=\"og:image:height\" content=\"450\" \/>\n\t<meta property=\"og:image:type\" content=\"image\/png\" \/>\n<meta name=\"twitter:card\" content=\"summary_large_image\" \/>\n<meta name=\"twitter:label1\" content=\"Gesch\u00e4tzte Lesezeit\" \/>\n\t<meta name=\"twitter:data1\" content=\"2\u00a0Minuten\" \/>\n<script type=\"application\/ld+json\" class=\"yoast-schema-graph\">{\"@context\":\"https:\/\/schema.org\",\"@graph\":[{\"@type\":\"WebPage\",\"@id\":\"https:\/\/alicedesign4you.de\/shop\/product\/stuhlschleifen-satin-schleifen-farbe-flieder-hell-lila\/\",\"url\":\"https:\/\/alicedesign4you.de\/shop\/product\/stuhlschleifen-satin-schleifen-farbe-flieder-hell-lila\/\",\"name\":\"Stuhlschleifen Satin altrosa vintage Look M\u00fcnchen mieten\",\"isPartOf\":{\"@id\":\"https:\/\/alicedesign4you.de\/shop\/#website\"},\"primaryImageOfPage\":{\"@id\":\"https:\/\/alicedesign4you.de\/shop\/product\/stuhlschleifen-satin-schleifen-farbe-flieder-hell-lila\/#primaryimage\"},\"image\":{\"@id\":\"https:\/\/alicedesign4you.de\/shop\/product\/stuhlschleifen-satin-schleifen-farbe-flieder-hell-lila\/#primaryimage\"},\"thumbnailUrl\":\"https:\/\/alicedesign4you.de\/shop\/wp-content\/uploads\/2024\/06\/Stuhlschleifen-Satin-Schleifen-Farbe-flieder-hell-lila.png\",\"datePublished\":\"2024-06-06T22:05:38+00:00\",\"dateModified\":\"2024-06-06T22:11:45+00:00\",\"description\":\"Stuhlschleifen Satin altrosa - perfekte Deko f\u00fcr Ihre Hochzeit. Verleih Raum M\u00fcnchen. Lieferung m\u00f6glich. Hochzeitsdekoration Deko\",\"breadcrumb\":{\"@id\":\"https:\/\/alicedesign4you.de\/shop\/product\/stuhlschleifen-satin-schleifen-farbe-flieder-hell-lila\/#breadcrumb\"},\"inLanguage\":\"de\",\"potentialAction\":[{\"@type\":\"ReadAction\",\"target\":[\"https:\/\/alicedesign4you.de\/shop\/product\/stuhlschleifen-satin-schleifen-farbe-flieder-hell-lila\/\"]}]},{\"@type\":\"ImageObject\",\"inLanguage\":\"de\",\"@id\":\"https:\/\/alicedesign4you.de\/shop\/product\/stuhlschleifen-satin-schleifen-farbe-flieder-hell-lila\/#primaryimage\",\"url\":\"https:\/\/alicedesign4you.de\/shop\/wp-content\/uploads\/2024\/06\/Stuhlschleifen-Satin-Schleifen-Farbe-flieder-hell-lila.png\",\"contentUrl\":\"https:\/\/alicedesign4you.de\/shop\/wp-content\/uploads\/2024\/06\/Stuhlschleifen-Satin-Schleifen-Farbe-flieder-hell-lila.png\",\"width\":300,\"height\":450,\"caption\":\"Stuhlschleifen Satin Schleifen (Farbe flieder hell lila)\"},{\"@type\":\"BreadcrumbList\",\"@id\":\"https:\/\/alicedesign4you.de\/shop\/product\/stuhlschleifen-satin-schleifen-farbe-flieder-hell-lila\/#breadcrumb\",\"itemListElement\":[{\"@type\":\"ListItem\",\"position\":1,\"name\":\"Startseite\",\"item\":\"https:\/\/alicedesign4you.de\/shop\/\"},{\"@type\":\"ListItem\",\"position\":2,\"name\":\"Shop\",\"item\":\"https:\/\/alicedesign4you.de\/shop\/shop\/\"},{\"@type\":\"ListItem\",\"position\":3,\"name\":\"Stuhlschleifen Satin Schleifen (Farbe flieder hell lila)\"}]},{\"@type\":\"WebSite\",\"@id\":\"https:\/\/alicedesign4you.de\/shop\/#website\",\"url\":\"https:\/\/alicedesign4you.de\/shop\/\",\"name\":\"Hochzeitsdeko M\u00fcnchen &amp; Floristik | Alice Design\",\"description\":\"Individuelle Hochzeitsdeko und traumhafte Floristik f\u00fcr eure Hochzeit &amp; Events in M\u00fcnchen und Umgebung. Kompetente Beratung und Planung mit viel Liebe zum Detail!\",\"potentialAction\":[{\"@type\":\"SearchAction\",\"target\":{\"@type\":\"EntryPoint\",\"urlTemplate\":\"https:\/\/alicedesign4you.de\/shop\/?s={search_term_string}\"},\"query-input\":{\"@type\":\"PropertyValueSpecification\",\"valueRequired\":true,\"valueName\":\"search_term_string\"}}],\"inLanguage\":\"de\"}]}<\/script>\n<!-- \/ Yoast SEO plugin. -->","yoast_head_json":{"title":"Stuhlschleifen Satin altrosa vintage Look M\u00fcnchen mieten","description":"Stuhlschleifen Satin altrosa - perfekte Deko f\u00fcr Ihre Hochzeit. Verleih Raum M\u00fcnchen. Lieferung m\u00f6glich. Hochzeitsdekoration Deko","robots":{"index":"index","follow":"follow","max-snippet":"max-snippet:-1","max-image-preview":"max-image-preview:large","max-video-preview":"max-video-preview:-1"},"canonical":"https:\/\/alicedesign4you.de\/shop\/product\/stuhlschleifen-satin-schleifen-farbe-flieder-hell-lila\/","og_locale":"de_DE","og_type":"article","og_title":"Stuhlschleifen Satin altrosa vintage Look M\u00fcnchen mieten","og_description":"Stuhlschleifen Satin altrosa - perfekte Deko f\u00fcr Ihre Hochzeit. Verleih Raum M\u00fcnchen. Lieferung m\u00f6glich. Hochzeitsdekoration Deko","og_url":"https:\/\/alicedesign4you.de\/shop\/product\/stuhlschleifen-satin-schleifen-farbe-flieder-hell-lila\/","og_site_name":"Hochzeitsdeko M\u00fcnchen &amp; Floristik | Alice Design","article_modified_time":"2024-06-06T22:11:45+00:00","og_image":[{"width":300,"height":450,"url":"https:\/\/alicedesign4you.de\/shop\/wp-content\/uploads\/2024\/06\/Stuhlschleifen-Satin-Schleifen-Farbe-flieder-hell-lila.png","type":"image\/png"}],"twitter_card":"summary_large_image","twitter_misc":{"Gesch\u00e4tzte Lesezeit":"2\u00a0Minuten"},"schema":{"@context":"https:\/\/schema.org","@graph":[{"@type":"WebPage","@id":"https:\/\/alicedesign4you.de\/shop\/product\/stuhlschleifen-satin-schleifen-farbe-flieder-hell-lila\/","url":"https:\/\/alicedesign4you.de\/shop\/product\/stuhlschleifen-satin-schleifen-farbe-flieder-hell-lila\/","name":"Stuhlschleifen Satin altrosa vintage Look M\u00fcnchen mieten","isPartOf":{"@id":"https:\/\/alicedesign4you.de\/shop\/#website"},"primaryImageOfPage":{"@id":"https:\/\/alicedesign4you.de\/shop\/product\/stuhlschleifen-satin-schleifen-farbe-flieder-hell-lila\/#primaryimage"},"image":{"@id":"https:\/\/alicedesign4you.de\/shop\/product\/stuhlschleifen-satin-schleifen-farbe-flieder-hell-lila\/#primaryimage"},"thumbnailUrl":"https:\/\/alicedesign4you.de\/shop\/wp-content\/uploads\/2024\/06\/Stuhlschleifen-Satin-Schleifen-Farbe-flieder-hell-lila.png","datePublished":"2024-06-06T22:05:38+00:00","dateModified":"2024-06-06T22:11:45+00:00","description":"Stuhlschleifen Satin altrosa - perfekte Deko f\u00fcr Ihre Hochzeit. Verleih Raum M\u00fcnchen. Lieferung m\u00f6glich. Hochzeitsdekoration Deko","breadcrumb":{"@id":"https:\/\/alicedesign4you.de\/shop\/product\/stuhlschleifen-satin-schleifen-farbe-flieder-hell-lila\/#breadcrumb"},"inLanguage":"de","potentialAction":[{"@type":"ReadAction","target":["https:\/\/alicedesign4you.de\/shop\/product\/stuhlschleifen-satin-schleifen-farbe-flieder-hell-lila\/"]}]},{"@type":"ImageObject","inLanguage":"de","@id":"https:\/\/alicedesign4you.de\/shop\/product\/stuhlschleifen-satin-schleifen-farbe-flieder-hell-lila\/#primaryimage","url":"https:\/\/alicedesign4you.de\/shop\/wp-content\/uploads\/2024\/06\/Stuhlschleifen-Satin-Schleifen-Farbe-flieder-hell-lila.png","contentUrl":"https:\/\/alicedesign4you.de\/shop\/wp-content\/uploads\/2024\/06\/Stuhlschleifen-Satin-Schleifen-Farbe-flieder-hell-lila.png","width":300,"height":450,"caption":"Stuhlschleifen Satin Schleifen (Farbe flieder hell lila)"},{"@type":"BreadcrumbList","@id":"https:\/\/alicedesign4you.de\/shop\/product\/stuhlschleifen-satin-schleifen-farbe-flieder-hell-lila\/#breadcrumb","itemListElement":[{"@type":"ListItem","position":1,"name":"Startseite","item":"https:\/\/alicedesign4you.de\/shop\/"},{"@type":"ListItem","position":2,"name":"Shop","item":"https:\/\/alicedesign4you.de\/shop\/shop\/"},{"@type":"ListItem","position":3,"name":"Stuhlschleifen Satin Schleifen (Farbe flieder hell lila)"}]},{"@type":"WebSite","@id":"https:\/\/alicedesign4you.de\/shop\/#website","url":"https:\/\/alicedesign4you.de\/shop\/","name":"Hochzeitsdeko M\u00fcnchen &amp; Floristik | Alice Design","description":"Individuelle Hochzeitsdeko und traumhafte Floristik f\u00fcr eure Hochzeit &amp; Events in M\u00fcnchen und Umgebung. Kompetente Beratung und Planung mit viel Liebe zum Detail!","potentialAction":[{"@type":"SearchAction","target":{"@type":"EntryPoint","urlTemplate":"https:\/\/alicedesign4you.de\/shop\/?s={search_term_string}"},"query-input":{"@type":"PropertyValueSpecification","valueRequired":true,"valueName":"search_term_string"}}],"inLanguage":"de"}]}},"_links":{"self":[{"href":"https:\/\/alicedesign4you.de\/shop\/wp-json\/wp\/v2\/product\/23502","targetHints":{"allow":["GET"]}}],"collection":[{"href":"https:\/\/alicedesign4you.de\/shop\/wp-json\/wp\/v2\/product"}],"about":[{"href":"https:\/\/alicedesign4you.de\/shop\/wp-json\/wp\/v2\/types\/product"}],"version-history":[{"count":1,"href":"https:\/\/alicedesign4you.de\/shop\/wp-json\/wp\/v2\/product\/23502\/revisions"}],"predecessor-version":[{"id":23506,"href":"https:\/\/alicedesign4you.de\/shop\/wp-json\/wp\/v2\/product\/23502\/revisions\/23506"}],"wp:featuredmedia":[{"embeddable":true,"href":"https:\/\/alicedesign4you.de\/shop\/wp-json\/wp\/v2\/media\/23503"}],"wp:attachment":[{"href":"https:\/\/alicedesign4you.de\/shop\/wp-json\/wp\/v2\/media?parent=23502"}],"wp:term":[{"taxonomy":"product_brand","embeddable":true,"href":"https:\/\/alicedesign4you.de\/shop\/wp-json\/wp\/v2\/product_brand?post=23502"},{"taxonomy":"product_cat","embeddable":true,"href":"https:\/\/alicedesign4you.de\/shop\/wp-json\/wp\/v2\/product_cat?post=23502"},{"taxonomy":"product_tag","embeddable":true,"href":"https:\/\/alicedesign4you.de\/shop\/wp-json\/wp\/v2\/product_tag?post=23502"}],"curies":[{"name":"wp","href":"https:\/\/api.w.org\/{rel}","templated":true}]}}