{"id":218,"date":"2021-02-18T14:34:13","date_gmt":"2021-02-18T14:34:13","guid":{"rendered":"\/?post_type=product&#038;p=218"},"modified":"2024-09-24T11:33:31","modified_gmt":"2024-09-24T10:33:31","slug":"fotowand-gold-pailletten","status":"publish","type":"product","link":"https:\/\/alicedesign4you.de\/shop\/product\/fotowand-gold-pailletten\/","title":{"rendered":"Fotowand gold pailletten Brautpaartisch (Stoff)"},"content":{"rendered":"<h2>Fotowand Gold Pailletten inkl. Gestell<\/h2>\n<p>Fotowand Gold Pailletten<\/p>\n<p>Breite: 2-3 m<br \/>\nH\u00f6he: 2-3 m<br \/>\ninkl. Gestell<\/p>\n<p>Fl\u00fcgel k\u00f6nnen Sie EXTRA mieten<strong>. <\/strong><\/p>\n<ul>\n<li>Artikel muss im \u00fcbergebenen Zustand zur\u00fcck gegeben werden. Bei Besch\u00e4digung oder Verlust, ist ein Preis von 500 Euro zu erstatten. Reparaturarbeiten gesondert abgerechnet<\/li>\n<li>Blumenschmuck und weitere abgebildeten Dekoartikel sind nicht im Mietpreis enthalten.<\/li>\n<li>Die Mietdauer betr\u00e4gt 4 Tage.<\/li>\n<\/ul>\n<p><span data-sheets-formula-bar-text-style=\"font-size:13px;color:#000000;font-weight:normal;text-decoration:none;font-family:'Arial';font-style:normal;text-decoration-skip-ink:none;\"><h2>R\u00fcckgabebedingungen<\/h2>\r\n<ul>\r\n \t<li>Der Artikel ist in dem Zustand wie zur Waren\u00fcbergabe nach der Mietdauer zur\u00fcck zu geben.<\/li>\r\n \t<li>Bitte \u00fcberpr\u00fcfen Sie unsere Ware umgehend. Alle Reklamationen, die sp\u00e4ter als 24 Stunden nach Erhalt\u00a0eintreffen, werden nicht akzeptiert.<\/li>\r\n \t<li>Bei Brandl\u00f6cher, Risse, Kerzenwachs und anderen Besch\u00e4digungen behalten wir uns das Recht vor dieses in Rechnung zu stellen bzw. den Widerbeschaffungspreis zu berechnen.<\/li>\r\n<\/ul>\r\n<h2>Versandinformationen<\/h2>\r\n<ul>\r\n \t<li>Abholung in M\u00fchldorf am Inn 84453<\/li>\r\n \t<li>Lieferung nach Absprache m\u00f6glich (Anfrage per WhatsApp 015120649803)<\/li>\r\n<\/ul><\/span><\/p>\n<p>In unserem Online-Shop finden Sie sehr unterschiedliche Dekorationsideen<\/p>\n<p>Passend dazu: <a href=\"https:\/\/alicedesign4you.de\/shop\/product\/metall-saulen-2er-set-geometrisch\/\">Metall S\u00e4ulen f\u00fcr Ihre Hochzeit mieten. Eventsdekoration (alicedesign4you.de)<\/a><\/p>\n<p><a href=\"https:\/\/www.instagram.com\/p\/CXapynYLGEs\/\">Hochzeit Deko M\u00fcnchen &amp; Bayern (@hochzeitsdeko_bayern) \u2022 Instagram-Fotos und -Videos<\/a><\/p>\n<p>&nbsp;<\/p>\n<h4>Gold im Trend!<\/h4>\n<p>&nbsp;<\/p>\n<p>Viele Dekorationen haben ihren eigenen Stil, die oft dank ihrer Farben einen einzigartigen Charakter bekommen.<\/p>\n<p>Da jede Farbe einzigartig ist kann man mit den verschiedensten M\u00f6glichkeiten fabelhafte Deko-Szenarios aufbauen und Gef\u00fchle entwickeln.<\/p>\n<p>So zu Beispiel kann man mit roter Deko Leidenschaft zeigen oder mit gr\u00fcn ein Gef\u00fchl von etwas Natur. Doch trotz all diesen wundervollen Farben ist vor allem Gold bei Hochzeiten sehr beliebt.<\/p>\n","protected":false},"excerpt":{"rendered":"<p>Breite: 2-3 m<br \/>\nH\u00f6he: 2-3 m<br \/>\ninkl. Gestell<\/p>\n<p>Fl\u00fcgel <strong>EXTRA<\/strong> buchbar<\/p>\n<p>Artikel muss im \u00fcbergebenen Zustand zur\u00fcck gegeben werden. Bei Besch\u00e4digung oder Verlust, ist ein Preis von 500 Euro pro Baum zu erstatten. Reparaturarbeiten gesondert abgerechnet.<\/p>\n<p>Blumenschmuck und weitere abgebildeten Dekoartikel sind nicht im Mietpreis enthalten.<\/p>\n<p>Die Mietdauer betr\u00e4gt 4 Tage.<\/p>\n","protected":false},"featured_media":198,"template":"","meta":{"inline_featured_image":false},"product_brand":[],"product_cat":[29,26],"product_tag":[],"class_list":{"0":"post-218","1":"product","2":"type-product","3":"status-publish","4":"has-post-thumbnail","6":"product_cat-brautpaartisch","7":"product_cat-saaldekoration","9":"first","10":"instock","11":"shipping-taxable","12":"purchasable","13":"product-type-simple"},"yoast_head":"<!-- This site is optimized with the Yoast SEO plugin v25.3.1 - https:\/\/yoast.com\/wordpress\/plugins\/seo\/ -->\n<title>Fotowand gold pailletten mieten in unserem Online-Shop<\/title>\n<meta name=\"description\" content=\"Fotowand Gold Pailletten. Perfekte Dekoration f\u00fcr Ihre Hochzeit. Verleih in M\u00fcnchen und Umgebung. Lieferung per Post m\u00f6glich\" \/>\n<meta name=\"robots\" content=\"index, follow, max-snippet:-1, max-image-preview:large, max-video-preview:-1\" \/>\n<link rel=\"canonical\" href=\"https:\/\/alicedesign4you.de\/shop\/product\/fotowand-gold-pailletten\/\" \/>\n<meta property=\"og:locale\" content=\"de_DE\" \/>\n<meta property=\"og:type\" content=\"article\" \/>\n<meta property=\"og:title\" content=\"Fotowand gold pailletten mieten in unserem Online-Shop\" \/>\n<meta property=\"og:description\" content=\"Fotowand Gold Pailletten. Perfekte Dekoration f\u00fcr Ihre Hochzeit. Verleih in M\u00fcnchen und Umgebung. Lieferung per Post m\u00f6glich\" \/>\n<meta property=\"og:url\" content=\"https:\/\/alicedesign4you.de\/shop\/product\/fotowand-gold-pailletten\/\" \/>\n<meta property=\"og:site_name\" content=\"Hochzeitsdeko M\u00fcnchen &amp; Floristik | Alice Design\" \/>\n<meta property=\"article:modified_time\" content=\"2024-09-24T10:33:31+00:00\" \/>\n<meta property=\"og:image\" content=\"https:\/\/alicedesign4you.de\/shop\/wp-content\/uploads\/2021\/02\/IMG_4915.jpg\" \/>\n\t<meta property=\"og:image:width\" content=\"340\" \/>\n\t<meta property=\"og:image:height\" content=\"510\" \/>\n\t<meta property=\"og:image:type\" content=\"image\/jpeg\" \/>\n<meta name=\"twitter:card\" content=\"summary_large_image\" \/>\n<meta name=\"twitter:label1\" content=\"Gesch\u00e4tzte Lesezeit\" \/>\n\t<meta name=\"twitter:data1\" content=\"2\u00a0Minuten\" \/>\n<script type=\"application\/ld+json\" class=\"yoast-schema-graph\">{\"@context\":\"https:\/\/schema.org\",\"@graph\":[{\"@type\":\"WebPage\",\"@id\":\"https:\/\/alicedesign4you.de\/shop\/product\/fotowand-gold-pailletten\/\",\"url\":\"https:\/\/alicedesign4you.de\/shop\/product\/fotowand-gold-pailletten\/\",\"name\":\"Fotowand gold pailletten mieten in unserem Online-Shop\",\"isPartOf\":{\"@id\":\"https:\/\/alicedesign4you.de\/shop\/#website\"},\"primaryImageOfPage\":{\"@id\":\"https:\/\/alicedesign4you.de\/shop\/product\/fotowand-gold-pailletten\/#primaryimage\"},\"image\":{\"@id\":\"https:\/\/alicedesign4you.de\/shop\/product\/fotowand-gold-pailletten\/#primaryimage\"},\"thumbnailUrl\":\"https:\/\/alicedesign4you.de\/shop\/wp-content\/uploads\/2021\/02\/IMG_4915.jpg\",\"datePublished\":\"2021-02-18T14:34:13+00:00\",\"dateModified\":\"2024-09-24T10:33:31+00:00\",\"description\":\"Fotowand Gold Pailletten. Perfekte Dekoration f\u00fcr Ihre Hochzeit. Verleih in M\u00fcnchen und Umgebung. Lieferung per Post m\u00f6glich\",\"breadcrumb\":{\"@id\":\"https:\/\/alicedesign4you.de\/shop\/product\/fotowand-gold-pailletten\/#breadcrumb\"},\"inLanguage\":\"de\",\"potentialAction\":[{\"@type\":\"ReadAction\",\"target\":[\"https:\/\/alicedesign4you.de\/shop\/product\/fotowand-gold-pailletten\/\"]}]},{\"@type\":\"ImageObject\",\"inLanguage\":\"de\",\"@id\":\"https:\/\/alicedesign4you.de\/shop\/product\/fotowand-gold-pailletten\/#primaryimage\",\"url\":\"https:\/\/alicedesign4you.de\/shop\/wp-content\/uploads\/2021\/02\/IMG_4915.jpg\",\"contentUrl\":\"https:\/\/alicedesign4you.de\/shop\/wp-content\/uploads\/2021\/02\/IMG_4915.jpg\",\"width\":340,\"height\":510,\"caption\":\"Fotowand gold pailletten\"},{\"@type\":\"BreadcrumbList\",\"@id\":\"https:\/\/alicedesign4you.de\/shop\/product\/fotowand-gold-pailletten\/#breadcrumb\",\"itemListElement\":[{\"@type\":\"ListItem\",\"position\":1,\"name\":\"Startseite\",\"item\":\"https:\/\/alicedesign4you.de\/shop\/\"},{\"@type\":\"ListItem\",\"position\":2,\"name\":\"Shop\",\"item\":\"https:\/\/alicedesign4you.de\/shop\/shop\/\"},{\"@type\":\"ListItem\",\"position\":3,\"name\":\"Fotowand gold pailletten Brautpaartisch (Stoff)\"}]},{\"@type\":\"WebSite\",\"@id\":\"https:\/\/alicedesign4you.de\/shop\/#website\",\"url\":\"https:\/\/alicedesign4you.de\/shop\/\",\"name\":\"Hochzeitsdeko M\u00fcnchen &amp; Floristik | Alice Design\",\"description\":\"Individuelle Hochzeitsdeko und traumhafte Floristik f\u00fcr eure Hochzeit &amp; Events in M\u00fcnchen und Umgebung. Kompetente Beratung und Planung mit viel Liebe zum Detail!\",\"potentialAction\":[{\"@type\":\"SearchAction\",\"target\":{\"@type\":\"EntryPoint\",\"urlTemplate\":\"https:\/\/alicedesign4you.de\/shop\/?s={search_term_string}\"},\"query-input\":{\"@type\":\"PropertyValueSpecification\",\"valueRequired\":true,\"valueName\":\"search_term_string\"}}],\"inLanguage\":\"de\"}]}<\/script>\n<!-- \/ Yoast SEO plugin. -->","yoast_head_json":{"title":"Fotowand gold pailletten mieten in unserem Online-Shop","description":"Fotowand Gold Pailletten. Perfekte Dekoration f\u00fcr Ihre Hochzeit. Verleih in M\u00fcnchen und Umgebung. Lieferung per Post m\u00f6glich","robots":{"index":"index","follow":"follow","max-snippet":"max-snippet:-1","max-image-preview":"max-image-preview:large","max-video-preview":"max-video-preview:-1"},"canonical":"https:\/\/alicedesign4you.de\/shop\/product\/fotowand-gold-pailletten\/","og_locale":"de_DE","og_type":"article","og_title":"Fotowand gold pailletten mieten in unserem Online-Shop","og_description":"Fotowand Gold Pailletten. Perfekte Dekoration f\u00fcr Ihre Hochzeit. Verleih in M\u00fcnchen und Umgebung. Lieferung per Post m\u00f6glich","og_url":"https:\/\/alicedesign4you.de\/shop\/product\/fotowand-gold-pailletten\/","og_site_name":"Hochzeitsdeko M\u00fcnchen &amp; Floristik | Alice Design","article_modified_time":"2024-09-24T10:33:31+00:00","og_image":[{"width":340,"height":510,"url":"https:\/\/alicedesign4you.de\/shop\/wp-content\/uploads\/2021\/02\/IMG_4915.jpg","type":"image\/jpeg"}],"twitter_card":"summary_large_image","twitter_misc":{"Gesch\u00e4tzte Lesezeit":"2\u00a0Minuten"},"schema":{"@context":"https:\/\/schema.org","@graph":[{"@type":"WebPage","@id":"https:\/\/alicedesign4you.de\/shop\/product\/fotowand-gold-pailletten\/","url":"https:\/\/alicedesign4you.de\/shop\/product\/fotowand-gold-pailletten\/","name":"Fotowand gold pailletten mieten in unserem Online-Shop","isPartOf":{"@id":"https:\/\/alicedesign4you.de\/shop\/#website"},"primaryImageOfPage":{"@id":"https:\/\/alicedesign4you.de\/shop\/product\/fotowand-gold-pailletten\/#primaryimage"},"image":{"@id":"https:\/\/alicedesign4you.de\/shop\/product\/fotowand-gold-pailletten\/#primaryimage"},"thumbnailUrl":"https:\/\/alicedesign4you.de\/shop\/wp-content\/uploads\/2021\/02\/IMG_4915.jpg","datePublished":"2021-02-18T14:34:13+00:00","dateModified":"2024-09-24T10:33:31+00:00","description":"Fotowand Gold Pailletten. Perfekte Dekoration f\u00fcr Ihre Hochzeit. Verleih in M\u00fcnchen und Umgebung. Lieferung per Post m\u00f6glich","breadcrumb":{"@id":"https:\/\/alicedesign4you.de\/shop\/product\/fotowand-gold-pailletten\/#breadcrumb"},"inLanguage":"de","potentialAction":[{"@type":"ReadAction","target":["https:\/\/alicedesign4you.de\/shop\/product\/fotowand-gold-pailletten\/"]}]},{"@type":"ImageObject","inLanguage":"de","@id":"https:\/\/alicedesign4you.de\/shop\/product\/fotowand-gold-pailletten\/#primaryimage","url":"https:\/\/alicedesign4you.de\/shop\/wp-content\/uploads\/2021\/02\/IMG_4915.jpg","contentUrl":"https:\/\/alicedesign4you.de\/shop\/wp-content\/uploads\/2021\/02\/IMG_4915.jpg","width":340,"height":510,"caption":"Fotowand gold pailletten"},{"@type":"BreadcrumbList","@id":"https:\/\/alicedesign4you.de\/shop\/product\/fotowand-gold-pailletten\/#breadcrumb","itemListElement":[{"@type":"ListItem","position":1,"name":"Startseite","item":"https:\/\/alicedesign4you.de\/shop\/"},{"@type":"ListItem","position":2,"name":"Shop","item":"https:\/\/alicedesign4you.de\/shop\/shop\/"},{"@type":"ListItem","position":3,"name":"Fotowand gold pailletten Brautpaartisch (Stoff)"}]},{"@type":"WebSite","@id":"https:\/\/alicedesign4you.de\/shop\/#website","url":"https:\/\/alicedesign4you.de\/shop\/","name":"Hochzeitsdeko M\u00fcnchen &amp; Floristik | Alice Design","description":"Individuelle Hochzeitsdeko und traumhafte Floristik f\u00fcr eure Hochzeit &amp; Events in M\u00fcnchen und Umgebung. Kompetente Beratung und Planung mit viel Liebe zum Detail!","potentialAction":[{"@type":"SearchAction","target":{"@type":"EntryPoint","urlTemplate":"https:\/\/alicedesign4you.de\/shop\/?s={search_term_string}"},"query-input":{"@type":"PropertyValueSpecification","valueRequired":true,"valueName":"search_term_string"}}],"inLanguage":"de"}]}},"_links":{"self":[{"href":"https:\/\/alicedesign4you.de\/shop\/wp-json\/wp\/v2\/product\/218","targetHints":{"allow":["GET"]}}],"collection":[{"href":"https:\/\/alicedesign4you.de\/shop\/wp-json\/wp\/v2\/product"}],"about":[{"href":"https:\/\/alicedesign4you.de\/shop\/wp-json\/wp\/v2\/types\/product"}],"version-history":[{"count":2,"href":"https:\/\/alicedesign4you.de\/shop\/wp-json\/wp\/v2\/product\/218\/revisions"}],"predecessor-version":[{"id":23458,"href":"https:\/\/alicedesign4you.de\/shop\/wp-json\/wp\/v2\/product\/218\/revisions\/23458"}],"wp:featuredmedia":[{"embeddable":true,"href":"https:\/\/alicedesign4you.de\/shop\/wp-json\/wp\/v2\/media\/198"}],"wp:attachment":[{"href":"https:\/\/alicedesign4you.de\/shop\/wp-json\/wp\/v2\/media?parent=218"}],"wp:term":[{"taxonomy":"product_brand","embeddable":true,"href":"https:\/\/alicedesign4you.de\/shop\/wp-json\/wp\/v2\/product_brand?post=218"},{"taxonomy":"product_cat","embeddable":true,"href":"https:\/\/alicedesign4you.de\/shop\/wp-json\/wp\/v2\/product_cat?post=218"},{"taxonomy":"product_tag","embeddable":true,"href":"https:\/\/alicedesign4you.de\/shop\/wp-json\/wp\/v2\/product_tag?post=218"}],"curies":[{"name":"wp","href":"https:\/\/api.w.org\/{rel}","templated":true}]}}