{"id":4,"date":"2021-02-16T16:45:29","date_gmt":"2021-02-16T16:45:29","guid":{"rendered":"\/?page_id=4"},"modified":"2023-05-02T13:24:51","modified_gmt":"2023-05-02T12:24:51","slug":"agb","status":"publish","type":"page","link":"https:\/\/alicedesign4you.de\/shop\/agb\/","title":{"rendered":"Allgemeine Gesch\u00e4ftsbedingungen"},"content":{"rendered":"\n<h2 class=\"wp-block-heading\"><strong>Verantwortlich f\u00fcr den Inhalt der Website\/Inhaber<\/strong><\/h2>\n\n\n\n<p>Olesia Geringer<br>Alice Design Hochzeitsdeko &amp; Floristik<\/p>\n\n\n\n<p>San Marinostr.2<br>84453 M\u00fchldorf am Inn<br>Tel.: <a href=\"tel:+4915120649803\">+49 (0) 151 \u2013 20 64 98 03<\/a><br>E-mail: <a href=\"mailto:info@alicedesign4you.de\">info@alicedesign4you.de<\/a><br>Steuernummer: 141\/220\/40152<\/p>\n\n\n\n<p><strong>Vertragsschluss<\/strong><\/p>\n\n\n\n<p>Alle Angebote beinhalten eine Angebotsfrist von 7 Tagen. Erfolgt keine Annahme innerhalb der Frist wird die Reservierung der Ware f\u00fcr den Kunden aufgehoben und es bestehen keinerlei Anspr\u00fcche mehr. Ein Mietauftrag kommt erst dann zustande, wenn der Kunde die von Olesia Geringer erhaltene Auftragsbest\u00e4tigung rechtskr\u00e4ftig unterschrieben zur\u00fcckschickt und eine vorab geforderte Anzahlungssumme von 30% auf dem Konto eingegangen ist. Olesia Geringer bleibt vorbehalten, Angebote ohne Angaben von Gr\u00fcnden abzulehnen. Reduzierungen von maximal 55% der reservierten Menge sind bis zu 4 Wochen vor der Veranstaltung m\u00f6glich.<\/p>\n\n\n\n<p><strong>Mietpreise<\/strong><\/p>\n\n\n\n<p>Es gelten ausschlie\u00dflich die Mietpreise in den jeweils aktuellen Preislisten von Alice Design (Olesia Geringer). Abweichungen hierzu bed\u00fcrfen der gesonderten individuellen Vereinbarung. S\u00e4mtliche Preise verstehen sich pro St\u00fcck und Mieteinheit inklusive der gesetzlichen Mehrwertsteuer.<br>Die Mietdauer einer Mieteinheit umfasst jeweils einen Zeitraum von drei Kalendertagen. Dies gilt auch dann, wenn gemietete Artikel vorzeitig oder unbenutzt zur\u00fcckgegeben werden. Der Preis wird ab dem Zeitpunkt der \u00dcbergabe der Mietgegenst\u00e4nde am Lager berechnet.<br>Erfolgt die R\u00fcckgabe der Mietgegenst\u00e4nde nicht rechtzeitig innerhalb der \u00d6ffnungszeiten verl\u00e4ngert sich die Mietzeit und wird pro verl\u00e4ngerten Tag abgerechnet. Preis\u00e4nderungen sind vorbehalten.<\/p>\n\n\n\n<p><strong>Anlieferung<\/strong><\/p>\n\n\n\n<p>Bei Anlieferung und Abholung des Mietgutes im vereinbarten Zeitraum hat der Mieter daf\u00fcr zu sorgen, dass er selbst oder eine von ihm bevollm\u00e4chtigte Person anwesend ist. Der Mietgutempfang muss per Unterschrift auf dem Lieferschein gegengezeichnet werden. Sollte der Mieter zum vereinbarten Termin der Anlieferung nicht anwesend sein, wird das Mietgut am Veranstaltungsort hinterlassen und der Mieter erkennt die ordnungsgem\u00e4\u00dfe und vollst\u00e4ndige Anlieferung an. Bei \u00dcbernahme der Ware geht die Verantwortung auf den Mieter \u00fcber.<\/p>\n\n\n\n<p><strong>Selbstabholung<\/strong><\/p>\n\n\n\n<p>Die Abholung der gebuchten Dekorationsware ist einen Tag vor der Veranstaltung m\u00f6glich. Der Mieter muss bei Selbstabholung daf\u00fcr Sorge tragen, dass der Transport vorschriftsm\u00e4\u00dfig geschieht und haftet f\u00fcr jegliche Sch\u00e4den. Kostenpflichtige Zusatzleistungen wie Lieferung, Auf- und Abbau sind nicht im Mietpreis enthalten. Bei einer Buchung dieser Positionen erfolgt die Terminabstimmung ca. 4 Wochen vor der Veranstaltung.<\/p>\n\n\n\n<p><strong>Leistungserbringung<\/strong><\/p>\n\n\n\n<p>Sollte die durch den Kunden gew\u00fcnschte Dekorationsmaterial in Farbe, Menge, Gr\u00f6\u00dfe oder Art zum vereinbarten Termin nicht lieferbar sein, wird der Kunde mindestens 24 Stunden vor dem Liefertermin pers\u00f6nlich, telefonisch oder schriftlich informiert. Ein Umtausch, eine Minderung des Kaufpreises oder ein R\u00fccktritt vom Vertrag aufgrund von Sch\u00e4den, die sich durch falsche Behandlung der gekauften Ware durch den Kunden ergeben, ist ausgeschlossen.<\/p>\n\n\n\n<p><strong>Zahlungsbedingungen<\/strong><\/p>\n\n\n\n<p>Eine Annahme des Angebotes setzt eine Anzahlungssumme von 30% innerhalb der genannten Angebotsfrist voraus. Der Auftrag wird mit Eingang der Anzahlungssumme bindend. Diese Anzahlung ist bei einer Stornierung des Kunden nicht erstattbar. Der Restbetrag ist vorzugsweise zahlbar per \u00dcberweisung bis sp\u00e4testens 2 Wochen vor der Veranstaltung. Zahlungsm\u00f6glichkeiten sind Bargeld oder die Zahlung per \u00dcberweisung.<\/p>\n\n\n\n<p><strong>Haftung<\/strong><\/p>\n\n\n\n<p>Der Auftraggeber tr\u00e4gt die Verantwortung f\u00fcr die Dekorationsgegenst\u00e4nde von der \u00dcbernahme bis zur R\u00fcckgabe. Die R\u00fcckgabe findet grunds\u00e4tzlich bei der Abnahmekontrolle statt. Der Auftraggeber verpflichtet sich die Dekorationsgegenst\u00e4nde pfleglich zu behandeln, einen sicheren Transport mit den dazugeh\u00f6rigen Verpackungsmaterialien zu gew\u00e4hrleisten und die jeweiligen schriftlichen oder m\u00fcndlichen Instruktionen zu befolgen. Verpackungsmaterial und Transportmittel geh\u00f6rt ebenfalls zum&nbsp;Verleih. Die abschlie\u00dfende Endabnahme ist erst im Lager m\u00f6glich. Die R\u00fccknahme erfolgt daher grunds\u00e4tzlich unter dem Vorbehalt der Vollst\u00e4ndigkeit und Unversehrtheit. Exakte Bruch- und Verlustmengen k\u00f6nnen erst nach vollst\u00e4ndig erfolgtem Reinigungsprozess ermittelt werden. Im Falle des Verlustes bzw. Bruches der Mietsache, muss die Rechnung bis sp\u00e4testens zwei Wochen nach Erhalt beglichen werden. Der jeweilige Wiederbeschaffungswert ist im Onlineshop unter&nbsp;<a href=\"https:\/\/alicedesign4you.de\/shop\">alicedesign4you.de\/shop<\/a>&nbsp;bei jedem Produkt angegeben.<\/p>\n\n\n\n<p><strong>K\u00fcndigung des Vertrages<\/strong><\/p>\n\n\n\n<p>Alice Design (Olesia Geringer) ist berechtigt, den Vertrag au\u00dferordentlich zu k\u00fcndigen, wenn die begr\u00fcndete Bef\u00fcrchtung besteht, dass Mietgegenst\u00e4nde nicht vertragsgem\u00e4\u00df verwendet werden und hierdurch einen Schaden erleiden. F\u00fcr diesen Fall bleibt der Mieter verpflichtet, die vereinbarte Miete zu bezahlen. Der Mieter ist berechtigt, das Vertragsverh\u00e4ltnis au\u00dferordentlich zu k\u00fcndigen, wenn Alice Design (Olesia Geringer) entgegen der vertraglichen Vereinbarung die Mietgegenst\u00e4nde nicht rechtzeitig zur Verf\u00fcgung stellt oder die Mietgegenst\u00e4nde nicht vollst\u00e4ndig zur Verf\u00fcgung stellen kann oder nicht vorr\u00e4tige Mietgegenst\u00e4nde nicht durch Mietgegenst\u00e4nde gleicher Art und G\u00fcte zu ersetzen im Stande ist.<\/p>\n\n\n\n<p><strong>Eigentumsvorbehalt<\/strong><\/p>\n\n\n\n<p>Bis zur vollst\u00e4ndigen Bezahlung des Kaufpreises bleibt die Ware Eigentum von Alice Design.<\/p>\n\n\n\n<p><strong>Urheberrecht<\/strong><\/p>\n\n\n\n<p>Der Vermieter beh\u00e4lt sich das Recht vor Fotos und Videos von der Vermietware in Absprache mit dem Kunden vor Ort zu machen. Dabei werden jedoch nur die Vermietartikel abgelichtet, nicht jedoch Eigentum des Mieters.<\/p>\n\n\n\n<p><strong>Gerichtsstand und anwendbares Recht<\/strong><\/p>\n\n\n\n<p>Gerichtsstand f\u00fcr alle Streitigkeiten aus dem geschlossenen Vertrag einschlie\u00dflich seiner Beendigung ist ausschlie\u00dflich unser Gesch\u00e4ftssitz.<br>Es findet ausschlie\u00dflich das Recht der Bundesrepublik Deutschland Anwendung.<\/p>\n\n\n\n<hr class=\"wp-block-separator has-css-opacity\"\/>\n\n\n\n<p><\/p>\n\n\n\n<h3 class=\"wp-block-heading\">Widerrufsrecht<\/h3>\n\n\n\n<p>Das Widerrufsrecht des \u00a7 355 BGB gilt kraft Gesetzes bei au\u00dferhalb von Gesch\u00e4ftsr\u00e4umen geschlossenen Vertr\u00e4gen. Eine Erstreckung des Widerrufsrechts gem. \u00a7\u00a7 355 Abs. 1, 312g Abs. 1, 312 Abs. 1 BGB im Wege der Analogie oder einer richtlinienkonformen Auslegung scheide aus, was von der Literatur als Versto\u00df gegen die zugrunde liegende Richtlinie 2011\/83\/EU kritisiert wird.<\/p>\n\n\n\n<p>In den durch&nbsp;\u00a7313&nbsp;Abs. 2 BGB bestimmten F\u00e4llen besteht kein generelles Widerrufsrecht, sofern die Vertragsparteien nicht ein solches ausdr\u00fccklich vereinbart haben. Einige F\u00e4lle wirken als Ausschlussgr\u00fcnde und lassen das Widerrufsrecht gar nicht erst entstehen. Andere F\u00e4lle bedingen bestimmte Handlungen des Empf\u00e4ngers der Leistung und bringen damit ein eventuell bestehendes Widerrufsrecht zum Erl\u00f6schen. So besteht beispielsweise grunds\u00e4tzlich kein Widerrufsrecht bei der Lieferung von leichtverderblichen Waren (Ausschluss). Vertr\u00e4ge zur Lieferung von Ton- oder Videoaufnahmen k\u00f6nnen jedoch widerrufen werden, es sei denn, eine bestehende Versiegelung der Waren wurde entfernt.<\/p>\n\n\n\n<p>Auch andere Rechtsvorschriften billigen dem Verbraucher ein Widerrufsrecht nach \u00a7 355 BGB mit teilweise abweichenden Fristen zu. Dann treten eventuelle Widerrufsrechte aus \u00a7 212g zur\u00fcck, der Verbraucher erh\u00e4lt also nur einmal ein Widerrufsrecht.<\/p>\n\n\n\n<p><strong>Widerrufsfrist<\/strong><\/p>\n\n\n\n<p>Um wirksam zu werden, muss der Widerruf innerhalb der&nbsp;Widerrufsfrist&nbsp;ausge\u00fcbt werden. Zur Wahrung der Widerrufsfrist gen\u00fcgt die Absendung des Widerrufs vor&nbsp;Fristablauf.<\/p>\n\n\n\n<p>Die Widerrufsfrist betr\u00e4gt einheitlich 7 Tage und beginnt fr\u00fchestens, wenn der Dienstleister eine wirksame&nbsp;Widerrufsbelehrung&nbsp;erhalten hat, im Fernabsatz laut&nbsp;\u00a7356&nbsp;Abs. 2 BGB jedoch nicht vor Eingang der Ware beim Empf\u00e4nger. Beim Fernabsatz gilt au\u00dferdem, dass sie bei wiederkehrenden Lieferungen gleichartiger Waren bereits bei Eingang der ersten Teillieferung beginnt, aber bei unterschiedlichen Waren einer Bestellung erst beim Eingang der letzten Teillieferung.<\/p>\n\n\n\n<p>Bei im Online- Handel&nbsp;geschlossenen Vertr\u00e4gen ist eine unverz\u00fcglich nach dem Vertragsabschluss erfolgende Widerrufsbelehrung einer solchen vor Vertragsabschluss gleichgestellt und erlaubt daher eine Widerrufsfrist von wiederum 5 Tagen. Dabei ist die Anforderung an eine &#8218;unverz\u00fcgliche\u2019 \u00dcbersendung dieser Belehrung nicht klar geregelt. Eine Zeitspanne von maximal 24 Stunden gilt hierf\u00fcr jedoch allgemein als ausreichend. Insbesondere bei Verwendung automatisierter Systeme zur Abwicklung eingegangener Auftr\u00e4ge\/K\u00e4ufe muss der H\u00e4ndler jedoch auf eine korrekte \u00dcbersendung der Widerrufsbelehrung im Rahmen dieser automatischen Reaktion achten.<\/p>\n\n\n\n<p>Bis zur Aus\u00fcbung oder dem Erl\u00f6schen des Widerrufsrechts durch Fristablauf befindet sich der Vertrag in einem Schwebezustand: Er gilt als wirksam, wobei dies jedoch unter dem Vorbehalt steht, dass der Vertrag jederzeit durch Aus\u00fcbung des Widerrufsrechts untergehen kann.<\/p>\n\n\n\n<p>F\u00fcr den Beginn der Widerrufsfrist tr\u00e4gt der Unternehmer die&nbsp;Beweislast&nbsp;(\u00a7 361&nbsp;Abs. 3 BGB).<\/p>\n\n\n\n<p>Das Widerrufsrecht des Verbrauchers erlischt jedenfalls sp\u00e4testens 3 Tage ab Erhalt der Ware (im Fernabsatz) oder nach dem Vertragsschluss (\u00a7 356&nbsp;Abs. 3 Satz 2 BGB), auch wenn der Unternehmer den Verbraucher nicht \u00fcber das Widerrufsrecht belehrt hat.<\/p>\n\n\n\n<p><strong>Widerrufserkl\u00e4rung<\/strong><\/p>\n\n\n\n<p>Der Widerruf bedarf gem\u00e4\u00df \u00a7355&nbsp;BGB keiner Begr\u00fcndung, muss aber durch eine Widerrufserkl\u00e4rung, aus der der Entschluss des Verbrauchers zum Widerruf des Vertrags eindeutig hervorgeht, erfolgen. Die Einhaltung der Textform&nbsp;ist nicht erforderlich, allerdings reicht ein blo\u00dfes Zur\u00fccksenden der Ware ohne Widerrufserkl\u00e4rung nicht aus.<\/p>\n\n\n\n<p>nach EU-Standard gem\u00e4\u00df 04.07.2014 BGH<\/p>\n\n\n\n<p><strong>Widerrufsformular<\/strong><\/p>\n\n\n\n<p>(Wenn Sie den Vertrag widerrufen wollen, dann f\u00fcllen Sie bitte dieses Formular aus und senden Sie es zur\u00fcck.)<\/p>\n\n\n\n<p>An ___________________________________________________ (Unternehmer\/ Dienstleister)<\/p>\n\n\n\n<p>Hiermit widerrufe(n) ich\/wir den von mir\/uns abgeschlossenen Vertrag \u00fcber die Erbringung der folgenden Dienstleistung ______________________________________________<\/p>\n\n\n\n<p>Name des\/der Verbraucher(s) _______________________________________________<\/p>\n\n\n\n<p>Anschrift des\/der Verbraucher(s) ______________________________________________<\/p>\n\n\n\n<p>Unterschrift des\/der Verbraucher(s)<\/p>\n\n\n\n<p>__________________________________<\/p>\n\n\n\n<p>Datum ________________________<\/p>\n\n\n\n<p><\/p>\n\n\n\n<p><\/p>\n\n\n\n<p>Rufen Sie uns direkt&nbsp;<a href=\"tel:+4915120649803\">+49 (151) 20649803<\/a>&nbsp;an oder hinterlassen Sie uns eine Nachricht falls Sie Fragen haben. Gerne bieten wir Beratungstermine innerhalb unserer \u00d6ffnungszeiten und nach Vereinbarung.<\/p>\n\n\n\n<p>Montag bis Donnerstag von 16:00 Uhr bis 19:00 Uhr<br>Freitag von 16:00 Uhr bis 19:00 Uhr<\/p>\n\n\n\n<hr class=\"wp-block-separator has-css-opacity\"\/>\n\n\n\n<div class=\"wp-block-columns is-layout-flex wp-container-core-columns-is-layout-9d6595d7 wp-block-columns-is-layout-flex\">\n<div class=\"wp-block-column is-layout-flow wp-block-column-is-layout-flow\">\n<div class=\"wp-block-group has-text-align-right\"><div class=\"wp-block-group__inner-container is-layout-flow wp-block-group-is-layout-flow\">\n<p>Hochzeitsdeko M\u00fcnchen &amp; Floristik<\/p>\n\n\n\n<p>Wir sind Eure Spezialisten rund um die<br>Hochzeitsdeko in M\u00fcnchen und Umgebung<\/p>\n<\/div><\/div>\n<\/div>\n\n\n\n<div class=\"wp-block-column is-layout-flow wp-block-column-is-layout-flow\">\n<p><a href=\"\/shop\/privacy-policy\/\" data-type=\"URL\" data-id=\"\/shop\/privacy-policy\/\">Impressum und Datenschutzerkl\u00e4rung<\/a><\/p>\n\n\n\n<p><a href=\"\/shop\/agb\/\" data-type=\"URL\" data-id=\"\/shop\/agb\/\">AGB<\/a><\/p>\n\n\n\n<a href=\"\/shop\/kontakt\/\" data-type=\"page\" data-id=\"33\" target=\"_blank\" class=\"kad-btn kad-btn-primary\" rel=\"noopener\">Kontakt Formular<\/a>\n<\/div>\n<\/div>\n\n\n\n<div class=\"wp-block-image\"><figure class=\"aligncenter size-large is-resized\"><img fetchpriority=\"high\" decoding=\"async\" src=\"https:\/\/alicedesign4you.de\/shop\/wp-content\/uploads\/2021\/02\/Logo2_2-1024x648.jpg\" alt=\"Lieferung Alice Design Hochzeitsdeko M\u00fcnchen \" class=\"wp-image-34\" width=\"479\" height=\"303\" srcset=\"https:\/\/alicedesign4you.de\/shop\/wp-content\/uploads\/2021\/02\/Logo2_2-1024x648.jpg 1024w, https:\/\/alicedesign4you.de\/shop\/wp-content\/uploads\/2021\/02\/Logo2_2-430x272.jpg 430w, https:\/\/alicedesign4you.de\/shop\/wp-content\/uploads\/2021\/02\/Logo2_2-150x95.jpg 150w, https:\/\/alicedesign4you.de\/shop\/wp-content\/uploads\/2021\/02\/Logo2_2-700x443.jpg 700w, https:\/\/alicedesign4you.de\/shop\/wp-content\/uploads\/2021\/02\/Logo2_2-300x190.jpg 300w, https:\/\/alicedesign4you.de\/shop\/wp-content\/uploads\/2021\/02\/Logo2_2-768x486.jpg 768w, https:\/\/alicedesign4you.de\/shop\/wp-content\/uploads\/2021\/02\/Logo2_2-1536x972.jpg 1536w, https:\/\/alicedesign4you.de\/shop\/wp-content\/uploads\/2021\/02\/Logo2_2-206x130.jpg 206w, https:\/\/alicedesign4you.de\/shop\/wp-content\/uploads\/2021\/02\/Logo2_2.jpg 1776w\" sizes=\"(max-width: 479px) 100vw, 479px\" \/><\/figure><\/div>\n","protected":false},"excerpt":{"rendered":"<p>Verantwortlich f\u00fcr den Inhalt der Website\/Inhaber Olesia GeringerAlice Design Hochzeitsdeko &amp; Floristik San Marinostr.284453 M\u00fchldorf am InnTel.: +49 (0) 151<\/p>\n","protected":false},"author":1,"featured_media":0,"parent":0,"menu_order":0,"comment_status":"closed","ping_status":"closed","template":"","meta":{"inline_featured_image":false,"footnotes":""},"class_list":["post-4","page","type-page","status-publish","hentry"],"yoast_head":"<!-- This site is optimized with the Yoast SEO plugin v25.3.1 - https:\/\/yoast.com\/wordpress\/plugins\/seo\/ -->\n<title>Allgemeine Gesch\u00e4ftsbedingungen - Hochzeitsdeko M\u00fcnchen &amp; Floristik | Alice Design<\/title>\n<meta name=\"description\" content=\"Allgemeine Gesch\u00e4ftsbedingungen AliceDesign4you.de\" \/>\n<meta name=\"robots\" content=\"index, follow, max-snippet:-1, max-image-preview:large, max-video-preview:-1\" \/>\n<link rel=\"canonical\" href=\"https:\/\/alicedesign4you.de\/shop\/agb\/\" \/>\n<meta property=\"og:locale\" content=\"de_DE\" \/>\n<meta property=\"og:type\" content=\"article\" \/>\n<meta property=\"og:title\" content=\"Allgemeine Gesch\u00e4ftsbedingungen - Hochzeitsdeko M\u00fcnchen &amp; Floristik | Alice Design\" \/>\n<meta property=\"og:description\" content=\"Allgemeine Gesch\u00e4ftsbedingungen AliceDesign4you.de\" \/>\n<meta property=\"og:url\" content=\"https:\/\/alicedesign4you.de\/shop\/agb\/\" \/>\n<meta property=\"og:site_name\" content=\"Hochzeitsdeko M\u00fcnchen &amp; Floristik | Alice Design\" \/>\n<meta property=\"article:modified_time\" content=\"2023-05-02T12:24:51+00:00\" \/>\n<meta name=\"twitter:card\" content=\"summary_large_image\" \/>\n<meta name=\"twitter:label1\" content=\"Gesch\u00e4tzte Lesezeit\" \/>\n\t<meta name=\"twitter:data1\" content=\"8\u00a0Minuten\" \/>\n<script type=\"application\/ld+json\" class=\"yoast-schema-graph\">{\"@context\":\"https:\/\/schema.org\",\"@graph\":[{\"@type\":\"WebPage\",\"@id\":\"https:\/\/alicedesign4you.de\/shop\/agb\/\",\"url\":\"https:\/\/alicedesign4you.de\/shop\/agb\/\",\"name\":\"Allgemeine Gesch\u00e4ftsbedingungen - Hochzeitsdeko M\u00fcnchen &amp; Floristik | Alice Design\",\"isPartOf\":{\"@id\":\"https:\/\/alicedesign4you.de\/shop\/#website\"},\"datePublished\":\"2021-02-16T16:45:29+00:00\",\"dateModified\":\"2023-05-02T12:24:51+00:00\",\"description\":\"Allgemeine Gesch\u00e4ftsbedingungen AliceDesign4you.de\",\"breadcrumb\":{\"@id\":\"https:\/\/alicedesign4you.de\/shop\/agb\/#breadcrumb\"},\"inLanguage\":\"de\",\"potentialAction\":[{\"@type\":\"ReadAction\",\"target\":[\"https:\/\/alicedesign4you.de\/shop\/agb\/\"]}]},{\"@type\":\"BreadcrumbList\",\"@id\":\"https:\/\/alicedesign4you.de\/shop\/agb\/#breadcrumb\",\"itemListElement\":[{\"@type\":\"ListItem\",\"position\":1,\"name\":\"Startseite\",\"item\":\"https:\/\/alicedesign4you.de\/shop\/\"},{\"@type\":\"ListItem\",\"position\":2,\"name\":\"Allgemeine Gesch\u00e4ftsbedingungen\"}]},{\"@type\":\"WebSite\",\"@id\":\"https:\/\/alicedesign4you.de\/shop\/#website\",\"url\":\"https:\/\/alicedesign4you.de\/shop\/\",\"name\":\"Hochzeitsdeko M\u00fcnchen &amp; Floristik | Alice Design\",\"description\":\"Individuelle Hochzeitsdeko und traumhafte Floristik f\u00fcr eure Hochzeit &amp; Events in M\u00fcnchen und Umgebung. Kompetente Beratung und Planung mit viel Liebe zum Detail!\",\"potentialAction\":[{\"@type\":\"SearchAction\",\"target\":{\"@type\":\"EntryPoint\",\"urlTemplate\":\"https:\/\/alicedesign4you.de\/shop\/?s={search_term_string}\"},\"query-input\":{\"@type\":\"PropertyValueSpecification\",\"valueRequired\":true,\"valueName\":\"search_term_string\"}}],\"inLanguage\":\"de\"}]}<\/script>\n<!-- \/ Yoast SEO plugin. -->","yoast_head_json":{"title":"Allgemeine Gesch\u00e4ftsbedingungen - Hochzeitsdeko M\u00fcnchen &amp; Floristik | Alice Design","description":"Allgemeine Gesch\u00e4ftsbedingungen AliceDesign4you.de","robots":{"index":"index","follow":"follow","max-snippet":"max-snippet:-1","max-image-preview":"max-image-preview:large","max-video-preview":"max-video-preview:-1"},"canonical":"https:\/\/alicedesign4you.de\/shop\/agb\/","og_locale":"de_DE","og_type":"article","og_title":"Allgemeine Gesch\u00e4ftsbedingungen - Hochzeitsdeko M\u00fcnchen &amp; Floristik | Alice Design","og_description":"Allgemeine Gesch\u00e4ftsbedingungen AliceDesign4you.de","og_url":"https:\/\/alicedesign4you.de\/shop\/agb\/","og_site_name":"Hochzeitsdeko M\u00fcnchen &amp; Floristik | Alice Design","article_modified_time":"2023-05-02T12:24:51+00:00","twitter_card":"summary_large_image","twitter_misc":{"Gesch\u00e4tzte Lesezeit":"8\u00a0Minuten"},"schema":{"@context":"https:\/\/schema.org","@graph":[{"@type":"WebPage","@id":"https:\/\/alicedesign4you.de\/shop\/agb\/","url":"https:\/\/alicedesign4you.de\/shop\/agb\/","name":"Allgemeine Gesch\u00e4ftsbedingungen - Hochzeitsdeko M\u00fcnchen &amp; Floristik | Alice Design","isPartOf":{"@id":"https:\/\/alicedesign4you.de\/shop\/#website"},"datePublished":"2021-02-16T16:45:29+00:00","dateModified":"2023-05-02T12:24:51+00:00","description":"Allgemeine Gesch\u00e4ftsbedingungen AliceDesign4you.de","breadcrumb":{"@id":"https:\/\/alicedesign4you.de\/shop\/agb\/#breadcrumb"},"inLanguage":"de","potentialAction":[{"@type":"ReadAction","target":["https:\/\/alicedesign4you.de\/shop\/agb\/"]}]},{"@type":"BreadcrumbList","@id":"https:\/\/alicedesign4you.de\/shop\/agb\/#breadcrumb","itemListElement":[{"@type":"ListItem","position":1,"name":"Startseite","item":"https:\/\/alicedesign4you.de\/shop\/"},{"@type":"ListItem","position":2,"name":"Allgemeine Gesch\u00e4ftsbedingungen"}]},{"@type":"WebSite","@id":"https:\/\/alicedesign4you.de\/shop\/#website","url":"https:\/\/alicedesign4you.de\/shop\/","name":"Hochzeitsdeko M\u00fcnchen &amp; Floristik | Alice Design","description":"Individuelle Hochzeitsdeko und traumhafte Floristik f\u00fcr eure Hochzeit &amp; Events in M\u00fcnchen und Umgebung. Kompetente Beratung und Planung mit viel Liebe zum Detail!","potentialAction":[{"@type":"SearchAction","target":{"@type":"EntryPoint","urlTemplate":"https:\/\/alicedesign4you.de\/shop\/?s={search_term_string}"},"query-input":{"@type":"PropertyValueSpecification","valueRequired":true,"valueName":"search_term_string"}}],"inLanguage":"de"}]}},"_links":{"self":[{"href":"https:\/\/alicedesign4you.de\/shop\/wp-json\/wp\/v2\/pages\/4","targetHints":{"allow":["GET"]}}],"collection":[{"href":"https:\/\/alicedesign4you.de\/shop\/wp-json\/wp\/v2\/pages"}],"about":[{"href":"https:\/\/alicedesign4you.de\/shop\/wp-json\/wp\/v2\/types\/page"}],"author":[{"embeddable":true,"href":"https:\/\/alicedesign4you.de\/shop\/wp-json\/wp\/v2\/users\/1"}],"replies":[{"embeddable":true,"href":"https:\/\/alicedesign4you.de\/shop\/wp-json\/wp\/v2\/comments?post=4"}],"version-history":[{"count":11,"href":"https:\/\/alicedesign4you.de\/shop\/wp-json\/wp\/v2\/pages\/4\/revisions"}],"predecessor-version":[{"id":22770,"href":"https:\/\/alicedesign4you.de\/shop\/wp-json\/wp\/v2\/pages\/4\/revisions\/22770"}],"wp:attachment":[{"href":"https:\/\/alicedesign4you.de\/shop\/wp-json\/wp\/v2\/media?parent=4"}],"curies":[{"name":"wp","href":"https:\/\/api.w.org\/{rel}","templated":true}]}}