{"id":33,"date":"2021-02-17T14:26:06","date_gmt":"2021-02-17T14:26:06","guid":{"rendered":"\/?page_id=33"},"modified":"2025-07-06T11:15:59","modified_gmt":"2025-07-06T10:15:59","slug":"kontakt","status":"publish","type":"page","link":"https:\/\/alicedesign4you.de\/shop\/kontakt\/","title":{"rendered":"Kontakt"},"content":{"rendered":"\t\t<div data-elementor-type=\"wp-page\" data-elementor-id=\"33\" class=\"elementor elementor-33\">\n\t\t\t\t<div class=\"elementor-element elementor-element-5219c9ce e-flex e-con-boxed e-con e-parent\" data-id=\"5219c9ce\" data-element_type=\"container\" data-e-type=\"container\">\n\t\t\t\t\t<div class=\"e-con-inner\">\n\t\t\t\t<div class=\"elementor-element elementor-element-106afc99 color-scheme-inherit text-left elementor-widget elementor-widget-text-editor\" data-id=\"106afc99\" data-element_type=\"widget\" data-e-type=\"widget\" data-widget_type=\"text-editor.default\">\n\t\t\t\t<div class=\"elementor-widget-container\">\n\t\t\t\t\t\t\t\t\t\n<div class=\"wp-block-columns is-layout-flex wp-container-core-columns-is-layout-9d6595d7 wp-block-columns-is-layout-flex\">\n<div class=\"wp-block-column is-layout-flow wp-block-column-is-layout-flow\">\n<figure class=\"wp-block-image size-large\"><img fetchpriority=\"high\" decoding=\"async\" width=\"1024\" height=\"648\" class=\"wp-image-34\" src=\"https:\/\/alicedesign4you.de\/shop\/wp-content\/uploads\/2021\/02\/Logo2_2-1024x648.jpg\" alt=\"Alice Design\" srcset=\"https:\/\/alicedesign4you.de\/shop\/wp-content\/uploads\/2021\/02\/Logo2_2-1024x648.jpg 1024w, https:\/\/alicedesign4you.de\/shop\/wp-content\/uploads\/2021\/02\/Logo2_2-430x272.jpg 430w, https:\/\/alicedesign4you.de\/shop\/wp-content\/uploads\/2021\/02\/Logo2_2-150x95.jpg 150w, https:\/\/alicedesign4you.de\/shop\/wp-content\/uploads\/2021\/02\/Logo2_2-700x443.jpg 700w, https:\/\/alicedesign4you.de\/shop\/wp-content\/uploads\/2021\/02\/Logo2_2-300x190.jpg 300w, https:\/\/alicedesign4you.de\/shop\/wp-content\/uploads\/2021\/02\/Logo2_2-768x486.jpg 768w, https:\/\/alicedesign4you.de\/shop\/wp-content\/uploads\/2021\/02\/Logo2_2-1536x972.jpg 1536w, https:\/\/alicedesign4you.de\/shop\/wp-content\/uploads\/2021\/02\/Logo2_2-206x130.jpg 206w, https:\/\/alicedesign4you.de\/shop\/wp-content\/uploads\/2021\/02\/Logo2_2.jpg 1776w\" sizes=\"(max-width: 1024px) 100vw, 1024px\" \/><\/figure>\n\n<p>Kontakt &amp; Beratungstermine innerhalb unserer \u00d6ffnungszeiten und nach Vereinbarung.<\/p>\n\n<p>Rufen Sie uns direkt <a href=\"tel:+4915120649803\">+49 151 20649803 <\/a>an oder hinterlassen Sie uns eine Nachricht in diesem Formular.<\/p>\n\n<p>Montag bis Donnerstag von 16:30 Uhr bis 19:00 Uhr<br \/>Freitag von 10:00 Uhr bis 19:00 Uhr<\/p>\n<\/div>\n\n<div class=\"wp-block-column is-layout-flow wp-block-column-is-layout-flow\">\n<div class=\"wp-block-contact-form-7-contact-form-selector\">\n<div class=\"wpcf7 no-js\" id=\"wpcf7-f1534-o1\" lang=\"en-US\" dir=\"ltr\" data-wpcf7-id=\"1534\">\n<div class=\"screen-reader-response\"><p role=\"status\" aria-live=\"polite\" aria-atomic=\"true\"><\/p> <ul><\/ul><\/div>\n<form action=\"\/shop\/wp-json\/wp\/v2\/pages\/33#wpcf7-f1534-o1\" method=\"post\" class=\"wpcf7-form init\" aria-label=\"Contact form\" novalidate=\"novalidate\" data-status=\"init\">\n<fieldset class=\"hidden-fields-container\"><input type=\"hidden\" name=\"_wpcf7\" value=\"1534\" \/><input type=\"hidden\" name=\"_wpcf7_version\" value=\"6.1.5\" \/><input type=\"hidden\" name=\"_wpcf7_locale\" value=\"en_US\" \/><input type=\"hidden\" name=\"_wpcf7_unit_tag\" value=\"wpcf7-f1534-o1\" \/><input type=\"hidden\" name=\"_wpcf7_container_post\" value=\"0\" \/><input type=\"hidden\" name=\"_wpcf7_posted_data_hash\" value=\"\" \/>\n<\/fieldset>\n<p><label> Name (Pflichtfeld*)<br \/>\n<span class=\"wpcf7-form-control-wrap\" data-name=\"your-name\"><input size=\"40\" maxlength=\"400\" class=\"wpcf7-form-control wpcf7-text wpcf7-validates-as-required\" aria-required=\"true\" aria-invalid=\"false\" value=\"\" type=\"text\" name=\"your-name\" \/><\/span> <\/label>\n<\/p>\n<p><label> Email-Adresse (Pflichtfeld*)<br \/>\n<span class=\"wpcf7-form-control-wrap\" data-name=\"your-email\"><input size=\"40\" maxlength=\"400\" class=\"wpcf7-form-control wpcf7-email wpcf7-validates-as-required wpcf7-text wpcf7-validates-as-email\" aria-required=\"true\" aria-invalid=\"false\" value=\"\" type=\"email\" name=\"your-email\" \/><\/span> <\/label>\n<\/p>\n<p><label> Telefon<br \/>\n<span class=\"wpcf7-form-control-wrap\" data-name=\"your-tel\"><input size=\"40\" maxlength=\"400\" class=\"wpcf7-form-control wpcf7-tel wpcf7-text wpcf7-validates-as-tel\" aria-invalid=\"false\" value=\"\" type=\"tel\" name=\"your-tel\" \/><\/span> <\/label>\n<\/p>\n<p><label> Betreff (Pflichtfeld*)<br \/>\n<span class=\"wpcf7-form-control-wrap\" data-name=\"your-subject\"><input size=\"40\" maxlength=\"400\" class=\"wpcf7-form-control wpcf7-text wpcf7-validates-as-required\" aria-required=\"true\" aria-invalid=\"false\" value=\"\" type=\"text\" name=\"your-subject\" \/><\/span> <\/label>\n<\/p>\n<p><label> Nachricht (Pflichtfeld*)<br \/>\n<span class=\"wpcf7-form-control-wrap\" data-name=\"your-message\"><textarea cols=\"40\" rows=\"10\" maxlength=\"2000\" class=\"wpcf7-form-control wpcf7-textarea wpcf7-validates-as-required\" aria-required=\"true\" aria-invalid=\"false\" name=\"your-message\"><\/textarea><\/span> <\/label>\n<\/p>\n<p><span class=\"wpcf7-form-control-wrap\" data-name=\"checkbox-535\"><span class=\"wpcf7-form-control wpcf7-checkbox wpcf7-validates-as-required\"><span class=\"wpcf7-list-item first last\"><label><input type=\"checkbox\" name=\"checkbox-535[]\" value=\"ich bin ein echtes Person\" \/><span class=\"wpcf7-list-item-label\">ich bin ein echtes Person<\/span><\/label><\/span><\/span><\/span>\n<\/p>\n<p><input class=\"wpcf7-form-control wpcf7-submit has-spinner\" type=\"submit\" value=\"Senden\" \/>\n<\/p><div class=\"wpcf7-response-output\" aria-hidden=\"true\"><\/div>\n<\/form>\n<\/div>\n<\/div>\n<\/div>\n<\/div>\n\n<p>\u00a0<\/p>\n\t\t\t\t\t\t\t\t<\/div>\n\t\t\t\t<\/div>\n\t\t\t\t\t<\/div>\n\t\t\t\t<\/div>\n\t\t\t\t<\/div>\n\t\t","protected":false},"excerpt":{"rendered":"<p>Kontakt &amp; Beratungstermine innerhalb unserer \u00d6ffnungszeiten und nach Vereinbarung. Rufen Sie uns direkt +49 151 20649803 an oder hinterlassen Sie<\/p>\n","protected":false},"author":1,"featured_media":34,"parent":0,"menu_order":0,"comment_status":"closed","ping_status":"closed","template":"","meta":{"inline_featured_image":false,"footnotes":""},"class_list":["post-33","page","type-page","status-publish","has-post-thumbnail","hentry"],"yoast_head":"<!-- This site is optimized with the Yoast SEO plugin v25.3.1 - https:\/\/yoast.com\/wordpress\/plugins\/seo\/ -->\n<title>Kontakt - Hochzeitsdeko M\u00fcnchen &amp; Floristik | Alice Design<\/title>\n<meta name=\"description\" content=\"Kontakt &amp; Beratungstermine. Rufen Sie uns direkt +49 (0)151 20649803 an oder hinterlassen Sie uns eine Nachricht in diesem Formular.\" \/>\n<meta name=\"robots\" content=\"index, follow, max-snippet:-1, max-image-preview:large, max-video-preview:-1\" \/>\n<link rel=\"canonical\" href=\"https:\/\/alicedesign4you.de\/shop\/kontakt\/\" \/>\n<meta property=\"og:locale\" content=\"de_DE\" \/>\n<meta property=\"og:type\" content=\"article\" \/>\n<meta property=\"og:title\" content=\"Kontakt - Hochzeitsdeko M\u00fcnchen &amp; Floristik | Alice Design\" \/>\n<meta property=\"og:description\" content=\"Kontakt &amp; Beratungstermine. Rufen Sie uns direkt +49 (0)151 20649803 an oder hinterlassen Sie uns eine Nachricht in diesem Formular.\" \/>\n<meta property=\"og:url\" content=\"https:\/\/alicedesign4you.de\/shop\/kontakt\/\" \/>\n<meta property=\"og:site_name\" content=\"Hochzeitsdeko M\u00fcnchen &amp; Floristik | Alice Design\" \/>\n<meta property=\"article:modified_time\" content=\"2025-07-06T10:15:59+00:00\" \/>\n<meta property=\"og:image\" content=\"https:\/\/alicedesign4you.de\/shop\/wp-content\/uploads\/2021\/02\/Logo2_2.jpg\" \/>\n\t<meta property=\"og:image:width\" content=\"1776\" \/>\n\t<meta property=\"og:image:height\" content=\"1124\" \/>\n\t<meta property=\"og:image:type\" content=\"image\/jpeg\" \/>\n<meta name=\"twitter:card\" content=\"summary_large_image\" \/>\n<meta name=\"twitter:label1\" content=\"Gesch\u00e4tzte Lesezeit\" \/>\n\t<meta name=\"twitter:data1\" content=\"1\u00a0Minute\" \/>\n<script type=\"application\/ld+json\" class=\"yoast-schema-graph\">{\"@context\":\"https:\/\/schema.org\",\"@graph\":[{\"@type\":\"WebPage\",\"@id\":\"https:\/\/alicedesign4you.de\/shop\/kontakt\/\",\"url\":\"https:\/\/alicedesign4you.de\/shop\/kontakt\/\",\"name\":\"Kontakt - Hochzeitsdeko M\u00fcnchen &amp; Floristik | Alice Design\",\"isPartOf\":{\"@id\":\"https:\/\/alicedesign4you.de\/shop\/#website\"},\"primaryImageOfPage\":{\"@id\":\"https:\/\/alicedesign4you.de\/shop\/kontakt\/#primaryimage\"},\"image\":{\"@id\":\"https:\/\/alicedesign4you.de\/shop\/kontakt\/#primaryimage\"},\"thumbnailUrl\":\"https:\/\/alicedesign4you.de\/shop\/wp-content\/uploads\/2021\/02\/Logo2_2.jpg\",\"datePublished\":\"2021-02-17T14:26:06+00:00\",\"dateModified\":\"2025-07-06T10:15:59+00:00\",\"description\":\"Kontakt & Beratungstermine. Rufen Sie uns direkt +49 (0)151 20649803 an oder hinterlassen Sie uns eine Nachricht in diesem Formular.\",\"breadcrumb\":{\"@id\":\"https:\/\/alicedesign4you.de\/shop\/kontakt\/#breadcrumb\"},\"inLanguage\":\"de\",\"potentialAction\":[{\"@type\":\"ReadAction\",\"target\":[\"https:\/\/alicedesign4you.de\/shop\/kontakt\/\"]}]},{\"@type\":\"ImageObject\",\"inLanguage\":\"de\",\"@id\":\"https:\/\/alicedesign4you.de\/shop\/kontakt\/#primaryimage\",\"url\":\"https:\/\/alicedesign4you.de\/shop\/wp-content\/uploads\/2021\/02\/Logo2_2.jpg\",\"contentUrl\":\"https:\/\/alicedesign4you.de\/shop\/wp-content\/uploads\/2021\/02\/Logo2_2.jpg\",\"width\":1776,\"height\":1124,\"caption\":\"Alice Design Wedding Decoration\"},{\"@type\":\"BreadcrumbList\",\"@id\":\"https:\/\/alicedesign4you.de\/shop\/kontakt\/#breadcrumb\",\"itemListElement\":[{\"@type\":\"ListItem\",\"position\":1,\"name\":\"Startseite\",\"item\":\"https:\/\/alicedesign4you.de\/shop\/\"},{\"@type\":\"ListItem\",\"position\":2,\"name\":\"Kontakt\"}]},{\"@type\":\"WebSite\",\"@id\":\"https:\/\/alicedesign4you.de\/shop\/#website\",\"url\":\"https:\/\/alicedesign4you.de\/shop\/\",\"name\":\"Hochzeitsdeko M\u00fcnchen &amp; Floristik | Alice Design\",\"description\":\"Individuelle Hochzeitsdeko und traumhafte Floristik f\u00fcr eure Hochzeit &amp; Events in M\u00fcnchen und Umgebung. Kompetente Beratung und Planung mit viel Liebe zum Detail!\",\"potentialAction\":[{\"@type\":\"SearchAction\",\"target\":{\"@type\":\"EntryPoint\",\"urlTemplate\":\"https:\/\/alicedesign4you.de\/shop\/?s={search_term_string}\"},\"query-input\":{\"@type\":\"PropertyValueSpecification\",\"valueRequired\":true,\"valueName\":\"search_term_string\"}}],\"inLanguage\":\"de\"}]}<\/script>\n<!-- \/ Yoast SEO plugin. -->","yoast_head_json":{"title":"Kontakt - Hochzeitsdeko M\u00fcnchen &amp; Floristik | Alice Design","description":"Kontakt & Beratungstermine. Rufen Sie uns direkt +49 (0)151 20649803 an oder hinterlassen Sie uns eine Nachricht in diesem Formular.","robots":{"index":"index","follow":"follow","max-snippet":"max-snippet:-1","max-image-preview":"max-image-preview:large","max-video-preview":"max-video-preview:-1"},"canonical":"https:\/\/alicedesign4you.de\/shop\/kontakt\/","og_locale":"de_DE","og_type":"article","og_title":"Kontakt - Hochzeitsdeko M\u00fcnchen &amp; Floristik | Alice Design","og_description":"Kontakt & Beratungstermine. Rufen Sie uns direkt +49 (0)151 20649803 an oder hinterlassen Sie uns eine Nachricht in diesem Formular.","og_url":"https:\/\/alicedesign4you.de\/shop\/kontakt\/","og_site_name":"Hochzeitsdeko M\u00fcnchen &amp; Floristik | Alice Design","article_modified_time":"2025-07-06T10:15:59+00:00","og_image":[{"width":1776,"height":1124,"url":"https:\/\/alicedesign4you.de\/shop\/wp-content\/uploads\/2021\/02\/Logo2_2.jpg","type":"image\/jpeg"}],"twitter_card":"summary_large_image","twitter_misc":{"Gesch\u00e4tzte Lesezeit":"1\u00a0Minute"},"schema":{"@context":"https:\/\/schema.org","@graph":[{"@type":"WebPage","@id":"https:\/\/alicedesign4you.de\/shop\/kontakt\/","url":"https:\/\/alicedesign4you.de\/shop\/kontakt\/","name":"Kontakt - Hochzeitsdeko M\u00fcnchen &amp; Floristik | Alice Design","isPartOf":{"@id":"https:\/\/alicedesign4you.de\/shop\/#website"},"primaryImageOfPage":{"@id":"https:\/\/alicedesign4you.de\/shop\/kontakt\/#primaryimage"},"image":{"@id":"https:\/\/alicedesign4you.de\/shop\/kontakt\/#primaryimage"},"thumbnailUrl":"https:\/\/alicedesign4you.de\/shop\/wp-content\/uploads\/2021\/02\/Logo2_2.jpg","datePublished":"2021-02-17T14:26:06+00:00","dateModified":"2025-07-06T10:15:59+00:00","description":"Kontakt & Beratungstermine. Rufen Sie uns direkt +49 (0)151 20649803 an oder hinterlassen Sie uns eine Nachricht in diesem Formular.","breadcrumb":{"@id":"https:\/\/alicedesign4you.de\/shop\/kontakt\/#breadcrumb"},"inLanguage":"de","potentialAction":[{"@type":"ReadAction","target":["https:\/\/alicedesign4you.de\/shop\/kontakt\/"]}]},{"@type":"ImageObject","inLanguage":"de","@id":"https:\/\/alicedesign4you.de\/shop\/kontakt\/#primaryimage","url":"https:\/\/alicedesign4you.de\/shop\/wp-content\/uploads\/2021\/02\/Logo2_2.jpg","contentUrl":"https:\/\/alicedesign4you.de\/shop\/wp-content\/uploads\/2021\/02\/Logo2_2.jpg","width":1776,"height":1124,"caption":"Alice Design Wedding Decoration"},{"@type":"BreadcrumbList","@id":"https:\/\/alicedesign4you.de\/shop\/kontakt\/#breadcrumb","itemListElement":[{"@type":"ListItem","position":1,"name":"Startseite","item":"https:\/\/alicedesign4you.de\/shop\/"},{"@type":"ListItem","position":2,"name":"Kontakt"}]},{"@type":"WebSite","@id":"https:\/\/alicedesign4you.de\/shop\/#website","url":"https:\/\/alicedesign4you.de\/shop\/","name":"Hochzeitsdeko M\u00fcnchen &amp; Floristik | Alice Design","description":"Individuelle Hochzeitsdeko und traumhafte Floristik f\u00fcr eure Hochzeit &amp; Events in M\u00fcnchen und Umgebung. Kompetente Beratung und Planung mit viel Liebe zum Detail!","potentialAction":[{"@type":"SearchAction","target":{"@type":"EntryPoint","urlTemplate":"https:\/\/alicedesign4you.de\/shop\/?s={search_term_string}"},"query-input":{"@type":"PropertyValueSpecification","valueRequired":true,"valueName":"search_term_string"}}],"inLanguage":"de"}]}},"_links":{"self":[{"href":"https:\/\/alicedesign4you.de\/shop\/wp-json\/wp\/v2\/pages\/33","targetHints":{"allow":["GET"]}}],"collection":[{"href":"https:\/\/alicedesign4you.de\/shop\/wp-json\/wp\/v2\/pages"}],"about":[{"href":"https:\/\/alicedesign4you.de\/shop\/wp-json\/wp\/v2\/types\/page"}],"author":[{"embeddable":true,"href":"https:\/\/alicedesign4you.de\/shop\/wp-json\/wp\/v2\/users\/1"}],"replies":[{"embeddable":true,"href":"https:\/\/alicedesign4you.de\/shop\/wp-json\/wp\/v2\/comments?post=33"}],"version-history":[{"count":13,"href":"https:\/\/alicedesign4you.de\/shop\/wp-json\/wp\/v2\/pages\/33\/revisions"}],"predecessor-version":[{"id":23701,"href":"https:\/\/alicedesign4you.de\/shop\/wp-json\/wp\/v2\/pages\/33\/revisions\/23701"}],"wp:featuredmedia":[{"embeddable":true,"href":"https:\/\/alicedesign4you.de\/shop\/wp-json\/wp\/v2\/media\/34"}],"wp:attachment":[{"href":"https:\/\/alicedesign4you.de\/shop\/wp-json\/wp\/v2\/media?parent=33"}],"curies":[{"name":"wp","href":"https:\/\/api.w.org\/{rel}","templated":true}]}}